{"version":"1.0","provider_name":"Business travel","provider_url":"https:\/\/www.voyages-d-affaires.com\/en","author_name":"marie","author_url":"https:\/\/www.voyages-d-affaires.com\/en\/author\/marie","title":"Le Fasano","type":"rich","width":600,"height":338,"html":"<blockquote class=\"wp-embedded-content\" data-secret=\"AZ6uYBS5xn\"><a href=\"https:\/\/www.voyages-d-affaires.com\/en\/bresil-rio-ipanema-fasano\">Le Fasano<\/a><\/blockquote><iframe sandbox=\"allow-scripts\" security=\"restricted\" src=\"https:\/\/www.voyages-d-affaires.com\/en\/bresil-rio-ipanema-fasano\/embed#?secret=AZ6uYBS5xn\" width=\"600\" height=\"338\" title=\"&quot;Le Fasano - Business travel\" data-secret=\"AZ6uYBS5xn\" frameborder=\"0\" marginwidth=\"0\" marginheight=\"0\" scrolling=\"no\" class=\"wp-embedded-content\"><\/iframe><script type=\"text\/javascript\">\n\/* <![CDATA[ *\/\n\/*! This file is auto-generated *\/\n!function(d,l){\"use strict\";l.querySelector&&d.addEventListener&&\"undefined\"!=typeof URL&&(d.wp=d.wp||{},d.wp.receiveEmbedMessage||(d.wp.receiveEmbedMessage=function(e){var t=e.data;if((t||t.secret||t.message||t.value)&&!\/[^a-zA-Z0-9]\/.test(t.secret)){for(var s,r,n,a=l.querySelectorAll('iframe[data-secret=\"'+t.secret+'\"]'),o=l.querySelectorAll('blockquote[data-secret=\"'+t.secret+'\"]'),c=new RegExp(\"^https?:$\",\"i\"),i=0;i<o.length;i++)o[i].style.display=\"none\";for(i=0;i<a.length;i++)s=a[i],e.source===s.contentWindow&&(s.removeAttribute(\"style\"),\"height\"===t.message?(1e3<(r=parseInt(t.value,10))?r=1e3:~~r<200&&(r=200),s.height=r):\"link\"===t.message&&(r=new URL(s.getAttribute(\"src\")),n=new URL(t.value),c.test(n.protocol))&&n.host===r.host&&l.activeElement===s&&(d.top.location.href=t.value))}},d.addEventListener(\"message\",d.wp.receiveEmbedMessage,!1),l.addEventListener(\"DOMContentLoaded\",function(){for(var e,t,s=l.querySelectorAll(\"iframe.wp-embedded-content\"),r=0;r<s.length;r++)(t=(e=s[r]).getAttribute(\"data-secret\"))||(t=Math.random().toString(36).substring(2,12),e.src+=\"#?secret=\"+t,e.setAttribute(\"data-secret\",t)),e.contentWindow.postMessage({message:\"ready\",secret:t},\"*\")},!1)))}(window,document);\n\/* ]]> *\/\n<\/script>","thumbnail_url":"https:\/\/www.voyages-d-affaires.com\/wp-content\/uploads\/2016\/04\/bresil-RIO-Ipanema-Fasano.jpg","thumbnail_width":696,"thumbnail_height":464,"description":"Star d\u2019Ipanema, le Fasano et son glamour vintage sign\u00e9 Philippe Stack revisite l\u2019\u00e2ge d\u2019or de la bossa nova, quand Carlos Jobim et Vinicius de Moraes chantaient la gr\u00e2ce des filles aux corps dor\u00e9s qui se rendaient \u00e0 la plage."}

Star d’Ipanema, le Fasano et son glamour vintage signé Philippe Stack revisite l’âge d’or de la bossa nova, quand Carlos Jobim et Vinicius de Moraes chantaient la grâce des filles aux corps dorés qui se rendaient à la plage.
