{"id":46703,"date":"2016-04-07T18:06:39","date_gmt":"2016-04-07T17:06:39","guid":{"rendered":"https:\/\/www.voyages-d-affaires.com\/wp-content\/uploads\/2016\/04\/PeliProGear-Elite2.jpg"},"modified":"2016-04-12T14:48:50","modified_gmt":"2016-04-12T13:48:50","slug":"peliprogear-elite2","status":"inherit","type":"attachment","link":"https:\/\/www.voyages-d-affaires.com\/en\/peliprogear-elite2","title":{"rendered":"Peli ProGear Elite"},"author":3,"featured_media":0,"comment_status":"closed","ping_status":"closed","template":"","meta":{"_acf_changed":false},"class_list":["post-46703","attachment","type-attachment","status-inherit","hentry"],"acf":[],"yoast_head":"<!-- This site is optimized with the Yoast SEO Premium plugin v25.9 (Yoast SEO v25.9) - https:\/\/yoast.com\/wordpress\/plugins\/seo\/ -->\n<title>Peli ProGear Elite<\/title>\n<meta name=\"robots\" content=\"index, follow, max-snippet:-1, max-image-preview:large, max-video-preview:-1\" \/>\n<link rel=\"canonical\" href=\"https:\/\/www.voyages-d-affaires.com\/wp-content\/uploads\/2016\/04\/PeliProGear-Elite2-e1460050333437.jpg\" \/>\n<meta property=\"og:locale\" content=\"en_GB\" \/>\n<meta property=\"og:type\" content=\"article\" \/>\n<meta property=\"og:title\" content=\"Peli ProGear Elite\" \/>\n<meta property=\"og:description\" content=\"TOUT TERRAIN : Peli ProGear Elite\" \/>\n<meta property=\"og:url\" content=\"https:\/\/www.voyages-d-affaires.com\/wp-content\/uploads\/2016\/04\/PeliProGear-Elite2-e1460050333437.jpg\" \/>\n<meta property=\"og:site_name\" content=\"Voyages d&#039;affaires\" \/>\n<meta property=\"article:modified_time\" content=\"2016-04-12T13:48:50+00:00\" \/>\n<meta property=\"og:image\" content=\"https:\/\/www.voyages-d-affaires.com\/wp-content\/uploads\/2016\/04\/PeliProGear-Elite2-e1460050333437.jpg\" \/>\n\t<meta property=\"og:image:width\" content=\"288\" \/>\n\t<meta property=\"og:image:height\" content=\"420\" \/>\n\t<meta property=\"og:image:type\" content=\"image\/jpeg\" \/>\n<meta name=\"twitter:card\" content=\"summary_large_image\" \/>\n<script type=\"application\/ld+json\" class=\"yoast-schema-graph\">{\"@context\":\"https:\/\/schema.org\",\"@graph\":[{\"@type\":\"WebPage\",\"@id\":\"https:\/\/www.voyages-d-affaires.com\/wp-content\/uploads\/2016\/04\/PeliProGear-Elite2-e1460050333437.jpg\",\"url\":\"https:\/\/www.voyages-d-affaires.com\/wp-content\/uploads\/2016\/04\/PeliProGear-Elite2-e1460050333437.jpg\",\"name\":\"Peli ProGear Elite\",\"isPartOf\":{\"@id\":\"https:\/\/www.voyages-d-affaires.com\/#website\"},\"datePublished\":\"2016-04-07T17:06:39+00:00\",\"dateModified\":\"2016-04-12T13:48:50+00:00\",\"breadcrumb\":{\"@id\":\"https:\/\/www.voyages-d-affaires.com\/wp-content\/uploads\/2016\/04\/PeliProGear-Elite2-e1460050333437.jpg#breadcrumb\"},\"inLanguage\":\"en-GB\",\"potentialAction\":[{\"@type\":\"ReadAction\",\"target\":[\"https:\/\/www.voyages-d-affaires.com\/wp-content\/uploads\/2016\/04\/PeliProGear-Elite2-e1460050333437.jpg\"]}]},{\"@type\":\"BreadcrumbList\",\"@id\":\"https:\/\/www.voyages-d-affaires.com\/wp-content\/uploads\/2016\/04\/PeliProGear-Elite2-e1460050333437.jpg#breadcrumb\",\"itemListElement\":[{\"@type\":\"ListItem\",\"position\":1,\"name\":\"Accueil\",\"item\":\"https:\/\/www.voyages-d-affaires.com\/\"},{\"@type\":\"ListItem\",\"position\":2,\"name\":\"Peli ProGear Elite\"}]},{\"@type\":\"WebSite\",\"@id\":\"https:\/\/www.voyages-d-affaires.com\/#website\",\"url\":\"https:\/\/www.voyages-d-affaires.com\/\",\"name\":\"Voyages d&#039;affaires\",\"description\":\"media fran\u00e7ais du Voyage d&#039;Affaires &amp; du MICE\",\"potentialAction\":[{\"@type\":\"SearchAction\",\"target\":{\"@type\":\"EntryPoint\",\"urlTemplate\":\"https:\/\/www.voyages-d-affaires.com\/?s={search_term_string}\"},\"query-input\":{\"@type\":\"PropertyValueSpecification\",\"valueRequired\":true,\"valueName\":\"search_term_string\"}}],\"inLanguage\":\"en-GB\"}]}<\/script>\n<!-- \/ Yoast SEO Premium plugin. -->","yoast_head_json":{"title":"Peli ProGear Elite","robots":{"index":"index","follow":"follow","max-snippet":"max-snippet:-1","max-image-preview":"max-image-preview:large","max-video-preview":"max-video-preview:-1"},"canonical":"https:\/\/www.voyages-d-affaires.com\/wp-content\/uploads\/2016\/04\/PeliProGear-Elite2-e1460050333437.jpg","og_locale":"en_GB","og_type":"article","og_title":"Peli ProGear Elite","og_description":"TOUT TERRAIN : Peli ProGear Elite","og_url":"https:\/\/www.voyages-d-affaires.com\/wp-content\/uploads\/2016\/04\/PeliProGear-Elite2-e1460050333437.jpg","og_site_name":"Voyages d&#039;affaires","article_modified_time":"2016-04-12T13:48:50+00:00","og_image":[{"width":288,"height":420,"url":"https:\/\/www.voyages-d-affaires.com\/wp-content\/uploads\/2016\/04\/PeliProGear-Elite2-e1460050333437.jpg","type":"image\/jpeg"}],"twitter_card":"summary_large_image","schema":{"@context":"https:\/\/schema.org","@graph":[{"@type":"WebPage","@id":"https:\/\/www.voyages-d-affaires.com\/wp-content\/uploads\/2016\/04\/PeliProGear-Elite2-e1460050333437.jpg","url":"https:\/\/www.voyages-d-affaires.com\/wp-content\/uploads\/2016\/04\/PeliProGear-Elite2-e1460050333437.jpg","name":"Peli ProGear Elite","isPartOf":{"@id":"https:\/\/www.voyages-d-affaires.com\/#website"},"datePublished":"2016-04-07T17:06:39+00:00","dateModified":"2016-04-12T13:48:50+00:00","breadcrumb":{"@id":"https:\/\/www.voyages-d-affaires.com\/wp-content\/uploads\/2016\/04\/PeliProGear-Elite2-e1460050333437.jpg#breadcrumb"},"inLanguage":"en-GB","potentialAction":[{"@type":"ReadAction","target":["https:\/\/www.voyages-d-affaires.com\/wp-content\/uploads\/2016\/04\/PeliProGear-Elite2-e1460050333437.jpg"]}]},{"@type":"BreadcrumbList","@id":"https:\/\/www.voyages-d-affaires.com\/wp-content\/uploads\/2016\/04\/PeliProGear-Elite2-e1460050333437.jpg#breadcrumb","itemListElement":[{"@type":"ListItem","position":1,"name":"Accueil","item":"https:\/\/www.voyages-d-affaires.com\/"},{"@type":"ListItem","position":2,"name":"Peli ProGear Elite"}]},{"@type":"WebSite","@id":"https:\/\/www.voyages-d-affaires.com\/#website","url":"https:\/\/www.voyages-d-affaires.com\/","name":"Business travel","description":"THE FRENCH BUSINESS TRAVEL &amp; MICE MEDIA","potentialAction":[{"@type":"SearchAction","target":{"@type":"EntryPoint","urlTemplate":"https:\/\/www.voyages-d-affaires.com\/?s={search_term_string}"},"query-input":{"@type":"PropertyValueSpecification","valueRequired":true,"valueName":"search_term_string"}}],"inLanguage":"en-GB"}]}},"description":{"rendered":"<p class=\"attachment\"><a href='https:\/\/www.voyages-d-affaires.com\/wp-content\/uploads\/2016\/04\/PeliProGear-Elite2-e1460050333437.jpg'><img loading=\"lazy\" decoding=\"async\" width=\"206\" height=\"300\" src=\"https:\/\/www.voyages-d-affaires.com\/wp-content\/uploads\/2016\/04\/PeliProGear-Elite2-e1460050333437-206x300-derived.jpg\" class=\"attachment-medium size-medium\" alt=\"\" srcset=\"https:\/\/www.voyages-d-affaires.com\/wp-content\/uploads\/2016\/04\/PeliProGear-Elite2-e1460050333437-206x300-derived.jpg 206w, https:\/\/www.voyages-d-affaires.com\/wp-content\/uploads\/2016\/04\/PeliProGear-Elite2-e1460050333437.jpg 288w\" sizes=\"auto, (max-width: 206px) 100vw, 206px\" \/><\/a><\/p>\n<p>Disponibles en trois tailles dont un mod\u00e8le compatible avec les exigences des compagnies a\u00e9riennes concernant les bagages de cabine, ces valises sont \u00e9tanches, r\u00e9sistantes aux chocs, \u00e9quip\u00e9es de roulettes \u00e0 moyeu plein et d\u2019une serrure \u00e0 combinaison. Elles peuvent \u00e9galement accueillir diff\u00e9rents syst\u00e8mes de rangement dont une housse \u00e0 v\u00eatements et un sac pour le linge.<br \/>\nPrix : \u00e0 partir de 550 euros pour le mod\u00e8le de 54.9 x 35.2 x 23 cm et de 4.2 kg \u00e0 vide. Disponibilit\u00e9 : imm\u00e9diate. <\/p>\n"},"caption":{"rendered":"<p>TOUT TERRAIN : Peli ProGear Elite<\/p>\n"},"alt_text":"","media_type":"image","mime_type":"image\/jpeg","media_details":{"width":288,"height":420,"file":"2016\/04\/PeliProGear-Elite2-e1460050333437.jpg","sizes":{"thumbnail":{"file":"PeliProGear-Elite2-e1460050333437-150x150-derived.jpg","width":150,"height":150,"mime_type":"image\/jpeg","source_url":"https:\/\/www.voyages-d-affaires.com\/wp-content\/uploads\/2016\/04\/PeliProGear-Elite2-e1460050333437-150x150-derived.jpg"},"medium":{"file":"PeliProGear-Elite2-e1460050333437-206x300-derived.jpg","width":206,"height":300,"mime_type":"image\/jpeg","source_url":"https:\/\/www.voyages-d-affaires.com\/wp-content\/uploads\/2016\/04\/PeliProGear-Elite2-e1460050333437-206x300-derived.jpg"},"td_80x60":{"file":"PeliProGear-Elite2-e1460050333437-80x60-derived.jpg","width":80,"height":60,"mime_type":"image\/jpeg","source_url":"https:\/\/www.voyages-d-affaires.com\/wp-content\/uploads\/2016\/04\/PeliProGear-Elite2-e1460050333437-80x60-derived.jpg"},"td_100x70":{"file":"PeliProGear-Elite2-e1460050333437-100x70-derived.jpg","width":100,"height":70,"mime_type":"image\/jpeg","source_url":"https:\/\/www.voyages-d-affaires.com\/wp-content\/uploads\/2016\/04\/PeliProGear-Elite2-e1460050333437-100x70-derived.jpg"},"td_218x150":{"file":"PeliProGear-Elite2-e1460050333437-218x150-derived.jpg","width":218,"height":150,"mime_type":"image\/jpeg","source_url":"https:\/\/www.voyages-d-affaires.com\/wp-content\/uploads\/2016\/04\/PeliProGear-Elite2-e1460050333437-218x150-derived.jpg"},"td_265x198":{"file":"PeliProGear-Elite2-e1460050333437-265x198-derived.jpg","width":265,"height":198,"mime_type":"image\/jpeg","source_url":"https:\/\/www.voyages-d-affaires.com\/wp-content\/uploads\/2016\/04\/PeliProGear-Elite2-e1460050333437-265x198-derived.jpg"},"td_324x160":{"file":"PeliProGear-Elite2-e1460050333437-288x160-derived.jpg","width":288,"height":160,"mime_type":"image\/jpeg","source_url":"https:\/\/www.voyages-d-affaires.com\/wp-content\/uploads\/2016\/04\/PeliProGear-Elite2-e1460050333437-288x160-derived.jpg"},"td_324x235":{"file":"PeliProGear-Elite2-e1460050333437-288x235-derived.jpg","width":288,"height":235,"mime_type":"image\/jpeg","source_url":"https:\/\/www.voyages-d-affaires.com\/wp-content\/uploads\/2016\/04\/PeliProGear-Elite2-e1460050333437-288x235-derived.jpg"},"full":{"file":"PeliProGear-Elite2-e1460050333437.jpg","width":288,"height":420,"mime_type":"image\/jpeg","source_url":"https:\/\/www.voyages-d-affaires.com\/wp-content\/uploads\/2016\/04\/PeliProGear-Elite2-e1460050333437.jpg"}},"image_meta":{"aperture":"0","credit":"","camera":"","caption":"","created_timestamp":"0","copyright":"","focal_length":"0","iso":"0","shutter_speed":"0","title":"","orientation":"0","keywords":[]}},"post":null,"source_url":"https:\/\/www.voyages-d-affaires.com\/wp-content\/uploads\/2016\/04\/PeliProGear-Elite2-e1460050333437.jpg","_links":{"self":[{"href":"https:\/\/www.voyages-d-affaires.com\/en\/wp-json\/wp\/v2\/media\/46703","targetHints":{"allow":["GET"]}}],"collection":[{"href":"https:\/\/www.voyages-d-affaires.com\/en\/wp-json\/wp\/v2\/media"}],"about":[{"href":"https:\/\/www.voyages-d-affaires.com\/en\/wp-json\/wp\/v2\/types\/attachment"}],"author":[{"embeddable":true,"href":"https:\/\/www.voyages-d-affaires.com\/en\/wp-json\/wp\/v2\/users\/3"}],"replies":[{"embeddable":true,"href":"https:\/\/www.voyages-d-affaires.com\/en\/wp-json\/wp\/v2\/comments?post=46703"}]}}

<!-- This site is optimized with the Yoast SEO Premium plugin v25.9 (Yoast SEO v25.9) - https://yoast.com/wordpress/plugins/seo/ -->
<title>Peli ProGear Elite</title>
<meta name="robots" content="index, follow, max-snippet:-1, max-image-preview:large, max-video-preview:-1" />
<link rel="canonical" href="https://www.voyages-d-affaires.com/wp-content/uploads/2016/04/PeliProGear-Elite2-e1460050333437.jpg" />
<meta property="og:locale" content="en_GB" />
<meta property="og:type" content="article" />
<meta property="og:title" content="Peli ProGear Elite" />
<meta property="og:description" content="TOUT TERRAIN : Peli ProGear Elite" />
<meta property="og:url" content="https://www.voyages-d-affaires.com/wp-content/uploads/2016/04/PeliProGear-Elite2-e1460050333437.jpg" />
<meta property="og:site_name" content="Voyages d&#039;affaires" />
<meta property="article:modified_time" content="2016-04-12T13:48:50+00:00" />
<meta property="og:image" content="https://www.voyages-d-affaires.com/wp-content/uploads/2016/04/PeliProGear-Elite2-e1460050333437.jpg" />
	<meta property="og:image:width" content="288" />
	<meta property="og:image:height" content="420" />
	<meta property="og:image:type" content="image/jpeg" />
<meta name="twitter:card" content="summary_large_image" />
<script type="application/ld+json" class="yoast-schema-graph">{"@context":"https://schema.org","@graph":[{"@type":"WebPage","@id":"https://www.voyages-d-affaires.com/wp-content/uploads/2016/04/PeliProGear-Elite2-e1460050333437.jpg","url":"https://www.voyages-d-affaires.com/wp-content/uploads/2016/04/PeliProGear-Elite2-e1460050333437.jpg","name":"Peli ProGear Elite","isPartOf":{"@id":"https://www.voyages-d-affaires.com/#website"},"datePublished":"2016-04-07T17:06:39+00:00","dateModified":"2016-04-12T13:48:50+00:00","breadcrumb":{"@id":"https://www.voyages-d-affaires.com/wp-content/uploads/2016/04/PeliProGear-Elite2-e1460050333437.jpg#breadcrumb"},"inLanguage":"en-GB","potentialAction":[{"@type":"ReadAction","target":["https://www.voyages-d-affaires.com/wp-content/uploads/2016/04/PeliProGear-Elite2-e1460050333437.jpg"]}]},{"@type":"BreadcrumbList","@id":"https://www.voyages-d-affaires.com/wp-content/uploads/2016/04/PeliProGear-Elite2-e1460050333437.jpg#breadcrumb","itemListElement":[{"@type":"ListItem","position":1,"name":"Accueil","item":"https://www.voyages-d-affaires.com/"},{"@type":"ListItem","position":2,"name":"Peli ProGear Elite"}]},{"@type":"WebSite","@id":"https://www.voyages-d-affaires.com/#website","url":"https://www.voyages-d-affaires.com/","name":"Voyages d&#039;affaires","description":"media français du Voyage d&#039;Affaires &amp; du MICE","potentialAction":[{"@type":"SearchAction","target":{"@type":"EntryPoint","urlTemplate":"https://www.voyages-d-affaires.com/?s={search_term_string}"},"query-input":{"@type":"PropertyValueSpecification","valueRequired":true,"valueName":"search_term_string"}}],"inLanguage":"en-GB"}]}</script>
<!-- / Yoast SEO Premium plugin. -->

<p class="attachment"><a href='https://www.voyages-d-affaires.com/wp-content/uploads/2016/04/PeliProGear-Elite2-e1460050333437.jpg'><img loading="lazy" decoding="async" width="206" height="300" src="https://www.voyages-d-affaires.com/wp-content/uploads/2016/04/PeliProGear-Elite2-e1460050333437-206x300-derived.jpg" class="attachment-medium size-medium" alt="" srcset="https://www.voyages-d-affaires.com/wp-content/uploads/2016/04/PeliProGear-Elite2-e1460050333437-206x300-derived.jpg 206w, https://www.voyages-d-affaires.com/wp-content/uploads/2016/04/PeliProGear-Elite2-e1460050333437.jpg 288w" sizes="auto, (max-width: 206px) 100vw, 206px" /></a></p>
<p>Disponibles en trois tailles dont un modèle compatible avec les exigences des compagnies aériennes concernant les bagages de cabine, ces valises sont étanches, résistantes aux chocs, équipées de roulettes à moyeu plein et d’une serrure à combinaison. Elles peuvent également accueillir différents systèmes de rangement dont une housse à vêtements et un sac pour le linge.<br />
Prix : à partir de 550 euros pour le modèle de 54.9 x 35.2 x 23 cm et de 4.2 kg à vide. Disponibilité : immédiate. </p>
