{"id":46713,"date":"2016-04-07T18:39:43","date_gmt":"2016-04-07T17:39:43","guid":{"rendered":"https:\/\/www.voyages-d-affaires.com\/wp-content\/uploads\/2016\/04\/Fujitsu-Stylistic-R726.jpg"},"modified":"2016-04-14T13:03:42","modified_gmt":"2016-04-14T12:03:42","slug":"fujitsu-stylistic-r726","status":"inherit","type":"attachment","link":"https:\/\/www.voyages-d-affaires.com\/en\/fujitsu-stylistic-r726","title":{"rendered":"Fujitsu Stylistic R726"},"author":3,"featured_media":0,"comment_status":"closed","ping_status":"closed","template":"","meta":{"_acf_changed":false},"class_list":["post-46713","attachment","type-attachment","status-inherit","hentry"],"acf":[],"yoast_head":"<!-- This site is optimized with the Yoast SEO Premium plugin v25.9 (Yoast SEO v25.9) - https:\/\/yoast.com\/wordpress\/plugins\/seo\/ -->\n<title>Fujitsu Stylistic R726<\/title>\n<meta name=\"robots\" content=\"index, follow, max-snippet:-1, max-image-preview:large, max-video-preview:-1\" \/>\n<link rel=\"canonical\" href=\"https:\/\/www.voyages-d-affaires.com\/wp-content\/uploads\/2016\/04\/Fujitsu-Stylistic-R726.jpg\" \/>\n<meta property=\"og:locale\" content=\"en_GB\" \/>\n<meta property=\"og:type\" content=\"article\" \/>\n<meta property=\"og:title\" content=\"Fujitsu Stylistic R726\" \/>\n<meta property=\"og:description\" content=\"HYBRIDE : Fujitsu Stylistic R726\" \/>\n<meta property=\"og:url\" content=\"https:\/\/www.voyages-d-affaires.com\/wp-content\/uploads\/2016\/04\/Fujitsu-Stylistic-R726.jpg\" \/>\n<meta property=\"og:site_name\" content=\"Voyages d&#039;affaires\" \/>\n<meta property=\"article:modified_time\" content=\"2016-04-14T12:03:42+00:00\" \/>\n<meta property=\"og:image\" content=\"https:\/\/www.voyages-d-affaires.com\/wp-content\/uploads\/2016\/04\/Fujitsu-Stylistic-R726.jpg\" \/>\n\t<meta property=\"og:image:width\" content=\"623\" \/>\n\t<meta property=\"og:image:height\" content=\"399\" \/>\n\t<meta property=\"og:image:type\" content=\"image\/jpeg\" \/>\n<meta name=\"twitter:card\" content=\"summary_large_image\" \/>\n<script type=\"application\/ld+json\" class=\"yoast-schema-graph\">{\"@context\":\"https:\/\/schema.org\",\"@graph\":[{\"@type\":\"WebPage\",\"@id\":\"https:\/\/www.voyages-d-affaires.com\/wp-content\/uploads\/2016\/04\/Fujitsu-Stylistic-R726.jpg\",\"url\":\"https:\/\/www.voyages-d-affaires.com\/wp-content\/uploads\/2016\/04\/Fujitsu-Stylistic-R726.jpg\",\"name\":\"Fujitsu Stylistic R726\",\"isPartOf\":{\"@id\":\"https:\/\/www.voyages-d-affaires.com\/#website\"},\"datePublished\":\"2016-04-07T17:39:43+00:00\",\"dateModified\":\"2016-04-14T12:03:42+00:00\",\"breadcrumb\":{\"@id\":\"https:\/\/www.voyages-d-affaires.com\/wp-content\/uploads\/2016\/04\/Fujitsu-Stylistic-R726.jpg#breadcrumb\"},\"inLanguage\":\"en-GB\",\"potentialAction\":[{\"@type\":\"ReadAction\",\"target\":[\"https:\/\/www.voyages-d-affaires.com\/wp-content\/uploads\/2016\/04\/Fujitsu-Stylistic-R726.jpg\"]}]},{\"@type\":\"BreadcrumbList\",\"@id\":\"https:\/\/www.voyages-d-affaires.com\/wp-content\/uploads\/2016\/04\/Fujitsu-Stylistic-R726.jpg#breadcrumb\",\"itemListElement\":[{\"@type\":\"ListItem\",\"position\":1,\"name\":\"Accueil\",\"item\":\"https:\/\/www.voyages-d-affaires.com\/\"},{\"@type\":\"ListItem\",\"position\":2,\"name\":\"Fujitsu Stylistic R726\"}]},{\"@type\":\"WebSite\",\"@id\":\"https:\/\/www.voyages-d-affaires.com\/#website\",\"url\":\"https:\/\/www.voyages-d-affaires.com\/\",\"name\":\"Voyages d&#039;affaires\",\"description\":\"media fran\u00e7ais du Voyage d&#039;Affaires &amp; du MICE\",\"potentialAction\":[{\"@type\":\"SearchAction\",\"target\":{\"@type\":\"EntryPoint\",\"urlTemplate\":\"https:\/\/www.voyages-d-affaires.com\/?s={search_term_string}\"},\"query-input\":{\"@type\":\"PropertyValueSpecification\",\"valueRequired\":true,\"valueName\":\"search_term_string\"}}],\"inLanguage\":\"en-GB\"}]}<\/script>\n<!-- \/ Yoast SEO Premium plugin. -->","yoast_head_json":{"title":"Fujitsu Stylistic R726","robots":{"index":"index","follow":"follow","max-snippet":"max-snippet:-1","max-image-preview":"max-image-preview:large","max-video-preview":"max-video-preview:-1"},"canonical":"https:\/\/www.voyages-d-affaires.com\/wp-content\/uploads\/2016\/04\/Fujitsu-Stylistic-R726.jpg","og_locale":"en_GB","og_type":"article","og_title":"Fujitsu Stylistic R726","og_description":"HYBRIDE : Fujitsu Stylistic R726","og_url":"https:\/\/www.voyages-d-affaires.com\/wp-content\/uploads\/2016\/04\/Fujitsu-Stylistic-R726.jpg","og_site_name":"Voyages d&#039;affaires","article_modified_time":"2016-04-14T12:03:42+00:00","og_image":[{"width":623,"height":399,"url":"https:\/\/www.voyages-d-affaires.com\/wp-content\/uploads\/2016\/04\/Fujitsu-Stylistic-R726.jpg","type":"image\/jpeg"}],"twitter_card":"summary_large_image","schema":{"@context":"https:\/\/schema.org","@graph":[{"@type":"WebPage","@id":"https:\/\/www.voyages-d-affaires.com\/wp-content\/uploads\/2016\/04\/Fujitsu-Stylistic-R726.jpg","url":"https:\/\/www.voyages-d-affaires.com\/wp-content\/uploads\/2016\/04\/Fujitsu-Stylistic-R726.jpg","name":"Fujitsu Stylistic R726","isPartOf":{"@id":"https:\/\/www.voyages-d-affaires.com\/#website"},"datePublished":"2016-04-07T17:39:43+00:00","dateModified":"2016-04-14T12:03:42+00:00","breadcrumb":{"@id":"https:\/\/www.voyages-d-affaires.com\/wp-content\/uploads\/2016\/04\/Fujitsu-Stylistic-R726.jpg#breadcrumb"},"inLanguage":"en-GB","potentialAction":[{"@type":"ReadAction","target":["https:\/\/www.voyages-d-affaires.com\/wp-content\/uploads\/2016\/04\/Fujitsu-Stylistic-R726.jpg"]}]},{"@type":"BreadcrumbList","@id":"https:\/\/www.voyages-d-affaires.com\/wp-content\/uploads\/2016\/04\/Fujitsu-Stylistic-R726.jpg#breadcrumb","itemListElement":[{"@type":"ListItem","position":1,"name":"Accueil","item":"https:\/\/www.voyages-d-affaires.com\/"},{"@type":"ListItem","position":2,"name":"Fujitsu Stylistic R726"}]},{"@type":"WebSite","@id":"https:\/\/www.voyages-d-affaires.com\/#website","url":"https:\/\/www.voyages-d-affaires.com\/","name":"Business travel","description":"THE FRENCH BUSINESS TRAVEL &amp; MICE MEDIA","potentialAction":[{"@type":"SearchAction","target":{"@type":"EntryPoint","urlTemplate":"https:\/\/www.voyages-d-affaires.com\/?s={search_term_string}"},"query-input":{"@type":"PropertyValueSpecification","valueRequired":true,"valueName":"search_term_string"}}],"inLanguage":"en-GB"}]}},"description":{"rendered":"<p class=\"attachment\"><a href='https:\/\/www.voyages-d-affaires.com\/wp-content\/uploads\/2016\/04\/Fujitsu-Stylistic-R726.jpg'><img loading=\"lazy\" decoding=\"async\" width=\"300\" height=\"192\" src=\"https:\/\/www.voyages-d-affaires.com\/wp-content\/uploads\/2016\/04\/Fujitsu-Stylistic-R726-300x192-derived.jpg\" class=\"attachment-medium size-medium\" alt=\"Fujitsu Stylistic R726\" srcset=\"https:\/\/www.voyages-d-affaires.com\/wp-content\/uploads\/2016\/04\/Fujitsu-Stylistic-R726-300x192-derived.jpg 300w, https:\/\/www.voyages-d-affaires.com\/wp-content\/uploads\/2016\/04\/Fujitsu-Stylistic-R726.jpg 623w\" sizes=\"auto, (max-width: 300px) 100vw, 300px\" \/><\/a><\/p>\n<p>Voici la r\u00e9ponse de Fujitsu \u00e0 la Surface Pro 4 et \u00e0 l\u2019iPad Pro. Une tablette Full HD de 12,5 pouces motoris\u00e9e par des processeurs Intel Core 6\u00e8me g\u00e9n\u00e9ration, avec 512 Go de stockage, un port USB 3.0, un slot pour carte SIM et une batterie offrant jusqu\u2019\u00e0 12 heures d\u2019autonomie. Le tout sous Windows 10 avec un clavier magn\u00e9tique ultra-fin.<br \/>\nEcran : 12,5 pouces (1920 x 1080 pixels) Processeur : Intel Core i3 ou i5 6\u00e8me g\u00e9n\u00e9ration Stockage : 512 Go SSD Connectique : USB 3.0, HDMI, mini DisplayPort, slots pour carte SIM et microSD, port Ethernet Connectivit\u00e9 : WiFi, Bluetooth, NFC Prix : NC Disponibilit\u00e9 : imm\u00e9diate. <\/p>\n"},"caption":{"rendered":"<p>HYBRIDE : Fujitsu Stylistic R726<\/p>\n"},"alt_text":"Fujitsu Stylistic R726","media_type":"image","mime_type":"image\/jpeg","media_details":{"width":623,"height":399,"file":"2016\/04\/Fujitsu-Stylistic-R726.jpg","sizes":{"thumbnail":{"file":"Fujitsu-Stylistic-R726-150x150-derived.jpg","width":150,"height":150,"mime_type":"image\/jpeg","source_url":"https:\/\/www.voyages-d-affaires.com\/wp-content\/uploads\/2016\/04\/Fujitsu-Stylistic-R726-150x150-derived.jpg"},"medium":{"file":"Fujitsu-Stylistic-R726-300x192-derived.jpg","width":300,"height":192,"mime_type":"image\/jpeg","source_url":"https:\/\/www.voyages-d-affaires.com\/wp-content\/uploads\/2016\/04\/Fujitsu-Stylistic-R726-300x192-derived.jpg"},"td_80x60":{"file":"Fujitsu-Stylistic-R726-80x60-derived.jpg","width":80,"height":60,"mime_type":"image\/jpeg","source_url":"https:\/\/www.voyages-d-affaires.com\/wp-content\/uploads\/2016\/04\/Fujitsu-Stylistic-R726-80x60-derived.jpg"},"td_100x70":{"file":"Fujitsu-Stylistic-R726-100x70-derived.jpg","width":100,"height":70,"mime_type":"image\/jpeg","source_url":"https:\/\/www.voyages-d-affaires.com\/wp-content\/uploads\/2016\/04\/Fujitsu-Stylistic-R726-100x70-derived.jpg"},"td_218x150":{"file":"Fujitsu-Stylistic-R726-218x150-derived.jpg","width":218,"height":150,"mime_type":"image\/jpeg","source_url":"https:\/\/www.voyages-d-affaires.com\/wp-content\/uploads\/2016\/04\/Fujitsu-Stylistic-R726-218x150-derived.jpg"},"td_265x198":{"file":"Fujitsu-Stylistic-R726-265x198-derived.jpg","width":265,"height":198,"mime_type":"image\/jpeg","source_url":"https:\/\/www.voyages-d-affaires.com\/wp-content\/uploads\/2016\/04\/Fujitsu-Stylistic-R726-265x198-derived.jpg"},"td_324x160":{"file":"Fujitsu-Stylistic-R726-324x160-derived.jpg","width":324,"height":160,"mime_type":"image\/jpeg","source_url":"https:\/\/www.voyages-d-affaires.com\/wp-content\/uploads\/2016\/04\/Fujitsu-Stylistic-R726-324x160-derived.jpg"},"td_324x235":{"file":"Fujitsu-Stylistic-R726-324x235-derived.jpg","width":324,"height":235,"mime_type":"image\/jpeg","source_url":"https:\/\/www.voyages-d-affaires.com\/wp-content\/uploads\/2016\/04\/Fujitsu-Stylistic-R726-324x235-derived.jpg"},"td_534x462":{"file":"Fujitsu-Stylistic-R726-534x399-derived.jpg","width":534,"height":399,"mime_type":"image\/jpeg","source_url":"https:\/\/www.voyages-d-affaires.com\/wp-content\/uploads\/2016\/04\/Fujitsu-Stylistic-R726-534x399-derived.jpg"},"full":{"file":"Fujitsu-Stylistic-R726.jpg","width":623,"height":399,"mime_type":"image\/jpeg","source_url":"https:\/\/www.voyages-d-affaires.com\/wp-content\/uploads\/2016\/04\/Fujitsu-Stylistic-R726.jpg"}},"image_meta":{"aperture":"0","credit":"","camera":"","caption":"","created_timestamp":"0","copyright":"","focal_length":"0","iso":"0","shutter_speed":"0","title":"","orientation":"0","keywords":[]}},"post":null,"source_url":"https:\/\/www.voyages-d-affaires.com\/wp-content\/uploads\/2016\/04\/Fujitsu-Stylistic-R726.jpg","_links":{"self":[{"href":"https:\/\/www.voyages-d-affaires.com\/en\/wp-json\/wp\/v2\/media\/46713","targetHints":{"allow":["GET"]}}],"collection":[{"href":"https:\/\/www.voyages-d-affaires.com\/en\/wp-json\/wp\/v2\/media"}],"about":[{"href":"https:\/\/www.voyages-d-affaires.com\/en\/wp-json\/wp\/v2\/types\/attachment"}],"author":[{"embeddable":true,"href":"https:\/\/www.voyages-d-affaires.com\/en\/wp-json\/wp\/v2\/users\/3"}],"replies":[{"embeddable":true,"href":"https:\/\/www.voyages-d-affaires.com\/en\/wp-json\/wp\/v2\/comments?post=46713"}]}}

<!-- This site is optimized with the Yoast SEO Premium plugin v25.9 (Yoast SEO v25.9) - https://yoast.com/wordpress/plugins/seo/ -->
<title>Fujitsu Stylistic R726</title>
<meta name="robots" content="index, follow, max-snippet:-1, max-image-preview:large, max-video-preview:-1" />
<link rel="canonical" href="https://www.voyages-d-affaires.com/wp-content/uploads/2016/04/Fujitsu-Stylistic-R726.jpg" />
<meta property="og:locale" content="en_GB" />
<meta property="og:type" content="article" />
<meta property="og:title" content="Fujitsu Stylistic R726" />
<meta property="og:description" content="HYBRIDE : Fujitsu Stylistic R726" />
<meta property="og:url" content="https://www.voyages-d-affaires.com/wp-content/uploads/2016/04/Fujitsu-Stylistic-R726.jpg" />
<meta property="og:site_name" content="Voyages d&#039;affaires" />
<meta property="article:modified_time" content="2016-04-14T12:03:42+00:00" />
<meta property="og:image" content="https://www.voyages-d-affaires.com/wp-content/uploads/2016/04/Fujitsu-Stylistic-R726.jpg" />
	<meta property="og:image:width" content="623" />
	<meta property="og:image:height" content="399" />
	<meta property="og:image:type" content="image/jpeg" />
<meta name="twitter:card" content="summary_large_image" />
<script type="application/ld+json" class="yoast-schema-graph">{"@context":"https://schema.org","@graph":[{"@type":"WebPage","@id":"https://www.voyages-d-affaires.com/wp-content/uploads/2016/04/Fujitsu-Stylistic-R726.jpg","url":"https://www.voyages-d-affaires.com/wp-content/uploads/2016/04/Fujitsu-Stylistic-R726.jpg","name":"Fujitsu Stylistic R726","isPartOf":{"@id":"https://www.voyages-d-affaires.com/#website"},"datePublished":"2016-04-07T17:39:43+00:00","dateModified":"2016-04-14T12:03:42+00:00","breadcrumb":{"@id":"https://www.voyages-d-affaires.com/wp-content/uploads/2016/04/Fujitsu-Stylistic-R726.jpg#breadcrumb"},"inLanguage":"en-GB","potentialAction":[{"@type":"ReadAction","target":["https://www.voyages-d-affaires.com/wp-content/uploads/2016/04/Fujitsu-Stylistic-R726.jpg"]}]},{"@type":"BreadcrumbList","@id":"https://www.voyages-d-affaires.com/wp-content/uploads/2016/04/Fujitsu-Stylistic-R726.jpg#breadcrumb","itemListElement":[{"@type":"ListItem","position":1,"name":"Accueil","item":"https://www.voyages-d-affaires.com/"},{"@type":"ListItem","position":2,"name":"Fujitsu Stylistic R726"}]},{"@type":"WebSite","@id":"https://www.voyages-d-affaires.com/#website","url":"https://www.voyages-d-affaires.com/","name":"Voyages d&#039;affaires","description":"media français du Voyage d&#039;Affaires &amp; du MICE","potentialAction":[{"@type":"SearchAction","target":{"@type":"EntryPoint","urlTemplate":"https://www.voyages-d-affaires.com/?s={search_term_string}"},"query-input":{"@type":"PropertyValueSpecification","valueRequired":true,"valueName":"search_term_string"}}],"inLanguage":"en-GB"}]}</script>
<!-- / Yoast SEO Premium plugin. -->

<p class="attachment"><a href='https://www.voyages-d-affaires.com/wp-content/uploads/2016/04/Fujitsu-Stylistic-R726.jpg'><img loading="lazy" decoding="async" width="300" height="192" src="https://www.voyages-d-affaires.com/wp-content/uploads/2016/04/Fujitsu-Stylistic-R726-300x192-derived.jpg" class="attachment-medium size-medium" alt="Fujitsu Stylistic R726" srcset="https://www.voyages-d-affaires.com/wp-content/uploads/2016/04/Fujitsu-Stylistic-R726-300x192-derived.jpg 300w, https://www.voyages-d-affaires.com/wp-content/uploads/2016/04/Fujitsu-Stylistic-R726.jpg 623w" sizes="auto, (max-width: 300px) 100vw, 300px" /></a></p>
<p>Voici la réponse de Fujitsu à la Surface Pro 4 et à l’iPad Pro. Une tablette Full HD de 12,5 pouces motorisée par des processeurs Intel Core 6ème génération, avec 512 Go de stockage, un port USB 3.0, un slot pour carte SIM et une batterie offrant jusqu’à 12 heures d’autonomie. Le tout sous Windows 10 avec un clavier magnétique ultra-fin.<br />
Ecran : 12,5 pouces (1920 x 1080 pixels) Processeur : Intel Core i3 ou i5 6ème génération Stockage : 512 Go SSD Connectique : USB 3.0, HDMI, mini DisplayPort, slots pour carte SIM et microSD, port Ethernet Connectivité : WiFi, Bluetooth, NFC Prix : NC Disponibilité : immédiate. </p>
