{"id":46833,"date":"2016-04-13T08:02:57","date_gmt":"2016-04-13T07:02:57","guid":{"rendered":"https:\/\/www.voyages-d-affaires.com\/wp-content\/uploads\/2016\/04\/bresil-RIO-Hilton-Barra.jpg"},"modified":"2016-04-13T11:02:28","modified_gmt":"2016-04-13T10:02:28","slug":"bresil-rio-hilton-barra","status":"inherit","type":"attachment","link":"https:\/\/www.voyages-d-affaires.com\/en\/bresil-rio-hilton-barra","title":{"rendered":"bresil-RIO-Hilton-Barra"},"author":3,"featured_media":0,"comment_status":"closed","ping_status":"closed","template":"","meta":{"_acf_changed":false},"class_list":["post-46833","attachment","type-attachment","status-inherit","hentry"],"acf":[],"yoast_head":"<!-- This site is optimized with the Yoast SEO Premium plugin v25.9 (Yoast SEO v25.9) - https:\/\/yoast.com\/wordpress\/plugins\/seo\/ -->\n<title>bresil-RIO-Hilton-Barra<\/title>\n<meta name=\"robots\" content=\"index, follow, max-snippet:-1, max-image-preview:large, max-video-preview:-1\" \/>\n<link rel=\"canonical\" href=\"https:\/\/www.voyages-d-affaires.com\/wp-content\/uploads\/2016\/04\/bresil-RIO-Hilton-Barra.jpg\" \/>\n<meta property=\"og:locale\" content=\"en_GB\" \/>\n<meta property=\"og:type\" content=\"article\" \/>\n<meta property=\"og:title\" content=\"bresil-RIO-Hilton-Barra\" \/>\n<meta property=\"og:description\" content=\"L\u2019\u00e9t\u00e9 prochain, la fi\u00e8vre olympique va s\u2019emparer de Rio, plus particuli\u00e8rement de la zone de Barra da Tijuca. Ouvert l\u2019an dernier, le Hilton est pr\u00eat pour accueillir les spectateurs, mais aussi les voyageurs d\u2019affaires, nombreux dans ce quartier d\u2019affaires en devenir.\" \/>\n<meta property=\"og:url\" content=\"https:\/\/www.voyages-d-affaires.com\/wp-content\/uploads\/2016\/04\/bresil-RIO-Hilton-Barra.jpg\" \/>\n<meta property=\"og:site_name\" content=\"Voyages d&#039;affaires\" \/>\n<meta property=\"article:modified_time\" content=\"2016-04-13T10:02:28+00:00\" \/>\n<meta property=\"og:image\" content=\"https:\/\/www.voyages-d-affaires.com\/wp-content\/uploads\/2016\/04\/bresil-RIO-Hilton-Barra.jpg\" \/>\n\t<meta property=\"og:image:width\" content=\"696\" \/>\n\t<meta property=\"og:image:height\" content=\"493\" \/>\n\t<meta property=\"og:image:type\" content=\"image\/jpeg\" \/>\n<meta name=\"twitter:card\" content=\"summary_large_image\" \/>\n<script type=\"application\/ld+json\" class=\"yoast-schema-graph\">{\"@context\":\"https:\/\/schema.org\",\"@graph\":[{\"@type\":\"WebPage\",\"@id\":\"https:\/\/www.voyages-d-affaires.com\/wp-content\/uploads\/2016\/04\/bresil-RIO-Hilton-Barra.jpg\",\"url\":\"https:\/\/www.voyages-d-affaires.com\/wp-content\/uploads\/2016\/04\/bresil-RIO-Hilton-Barra.jpg\",\"name\":\"bresil-RIO-Hilton-Barra\",\"isPartOf\":{\"@id\":\"https:\/\/www.voyages-d-affaires.com\/#website\"},\"datePublished\":\"2016-04-13T07:02:57+00:00\",\"dateModified\":\"2016-04-13T10:02:28+00:00\",\"breadcrumb\":{\"@id\":\"https:\/\/www.voyages-d-affaires.com\/wp-content\/uploads\/2016\/04\/bresil-RIO-Hilton-Barra.jpg#breadcrumb\"},\"inLanguage\":\"en-GB\",\"potentialAction\":[{\"@type\":\"ReadAction\",\"target\":[\"https:\/\/www.voyages-d-affaires.com\/wp-content\/uploads\/2016\/04\/bresil-RIO-Hilton-Barra.jpg\"]}]},{\"@type\":\"BreadcrumbList\",\"@id\":\"https:\/\/www.voyages-d-affaires.com\/wp-content\/uploads\/2016\/04\/bresil-RIO-Hilton-Barra.jpg#breadcrumb\",\"itemListElement\":[{\"@type\":\"ListItem\",\"position\":1,\"name\":\"Accueil\",\"item\":\"https:\/\/www.voyages-d-affaires.com\/\"},{\"@type\":\"ListItem\",\"position\":2,\"name\":\"bresil-RIO-Hilton-Barra\"}]},{\"@type\":\"WebSite\",\"@id\":\"https:\/\/www.voyages-d-affaires.com\/#website\",\"url\":\"https:\/\/www.voyages-d-affaires.com\/\",\"name\":\"Voyages d&#039;affaires\",\"description\":\"media fran\u00e7ais du Voyage d&#039;Affaires &amp; du MICE\",\"potentialAction\":[{\"@type\":\"SearchAction\",\"target\":{\"@type\":\"EntryPoint\",\"urlTemplate\":\"https:\/\/www.voyages-d-affaires.com\/?s={search_term_string}\"},\"query-input\":{\"@type\":\"PropertyValueSpecification\",\"valueRequired\":true,\"valueName\":\"search_term_string\"}}],\"inLanguage\":\"en-GB\"}]}<\/script>\n<!-- \/ Yoast SEO Premium plugin. -->","yoast_head_json":{"title":"bresil-RIO-Hilton-Barra","robots":{"index":"index","follow":"follow","max-snippet":"max-snippet:-1","max-image-preview":"max-image-preview:large","max-video-preview":"max-video-preview:-1"},"canonical":"https:\/\/www.voyages-d-affaires.com\/wp-content\/uploads\/2016\/04\/bresil-RIO-Hilton-Barra.jpg","og_locale":"en_GB","og_type":"article","og_title":"bresil-RIO-Hilton-Barra","og_description":"L\u2019\u00e9t\u00e9 prochain, la fi\u00e8vre olympique va s\u2019emparer de Rio, plus particuli\u00e8rement de la zone de Barra da Tijuca. Ouvert l\u2019an dernier, le Hilton est pr\u00eat pour accueillir les spectateurs, mais aussi les voyageurs d\u2019affaires, nombreux dans ce quartier d\u2019affaires en devenir.","og_url":"https:\/\/www.voyages-d-affaires.com\/wp-content\/uploads\/2016\/04\/bresil-RIO-Hilton-Barra.jpg","og_site_name":"Voyages d&#039;affaires","article_modified_time":"2016-04-13T10:02:28+00:00","og_image":[{"width":696,"height":493,"url":"https:\/\/www.voyages-d-affaires.com\/wp-content\/uploads\/2016\/04\/bresil-RIO-Hilton-Barra.jpg","type":"image\/jpeg"}],"twitter_card":"summary_large_image","schema":{"@context":"https:\/\/schema.org","@graph":[{"@type":"WebPage","@id":"https:\/\/www.voyages-d-affaires.com\/wp-content\/uploads\/2016\/04\/bresil-RIO-Hilton-Barra.jpg","url":"https:\/\/www.voyages-d-affaires.com\/wp-content\/uploads\/2016\/04\/bresil-RIO-Hilton-Barra.jpg","name":"bresil-RIO-Hilton-Barra","isPartOf":{"@id":"https:\/\/www.voyages-d-affaires.com\/#website"},"datePublished":"2016-04-13T07:02:57+00:00","dateModified":"2016-04-13T10:02:28+00:00","breadcrumb":{"@id":"https:\/\/www.voyages-d-affaires.com\/wp-content\/uploads\/2016\/04\/bresil-RIO-Hilton-Barra.jpg#breadcrumb"},"inLanguage":"en-GB","potentialAction":[{"@type":"ReadAction","target":["https:\/\/www.voyages-d-affaires.com\/wp-content\/uploads\/2016\/04\/bresil-RIO-Hilton-Barra.jpg"]}]},{"@type":"BreadcrumbList","@id":"https:\/\/www.voyages-d-affaires.com\/wp-content\/uploads\/2016\/04\/bresil-RIO-Hilton-Barra.jpg#breadcrumb","itemListElement":[{"@type":"ListItem","position":1,"name":"Accueil","item":"https:\/\/www.voyages-d-affaires.com\/"},{"@type":"ListItem","position":2,"name":"bresil-RIO-Hilton-Barra"}]},{"@type":"WebSite","@id":"https:\/\/www.voyages-d-affaires.com\/#website","url":"https:\/\/www.voyages-d-affaires.com\/","name":"Business travel","description":"THE FRENCH BUSINESS TRAVEL &amp; MICE MEDIA","potentialAction":[{"@type":"SearchAction","target":{"@type":"EntryPoint","urlTemplate":"https:\/\/www.voyages-d-affaires.com\/?s={search_term_string}"},"query-input":{"@type":"PropertyValueSpecification","valueRequired":true,"valueName":"search_term_string"}}],"inLanguage":"en-GB"}]}},"description":{"rendered":"<p class=\"attachment\"><a href='https:\/\/www.voyages-d-affaires.com\/wp-content\/uploads\/2016\/04\/bresil-RIO-Hilton-Barra.jpg'><img loading=\"lazy\" decoding=\"async\" width=\"300\" height=\"213\" src=\"https:\/\/www.voyages-d-affaires.com\/wp-content\/uploads\/2016\/04\/bresil-RIO-Hilton-Barra-300x213-derived.jpg\" class=\"attachment-medium size-medium\" alt=\"\" srcset=\"https:\/\/www.voyages-d-affaires.com\/wp-content\/uploads\/2016\/04\/bresil-RIO-Hilton-Barra-300x213-derived.jpg 300w, https:\/\/www.voyages-d-affaires.com\/wp-content\/uploads\/2016\/04\/bresil-RIO-Hilton-Barra-100x70-derived.jpg 100w, https:\/\/www.voyages-d-affaires.com\/wp-content\/uploads\/2016\/04\/bresil-RIO-Hilton-Barra.jpg 696w\" sizes=\"auto, (max-width: 300px) 100vw, 300px\" \/><\/a><\/p>\n<p>L\u2019\u00e9t\u00e9 prochain, la fi\u00e8vre olympique va s\u2019emparer de Rio, plus particuli\u00e8rement de la zone de Barra da Tijuca. Ouvert l\u2019an dernier, le Hilton est pr\u00eat pour accueillir les spectateurs, mais aussi les voyageurs d\u2019affaires, nombreux dans ce quartier d\u2019affaires en devenir.<\/p>\n"},"caption":{"rendered":"<p>L\u2019\u00e9t\u00e9 prochain, la fi\u00e8vre olympique va s\u2019emparer de Rio, plus particuli\u00e8rement de la zone de Barra da Tijuca. Ouvert l\u2019an dernier, le Hilton est pr\u00eat pour accueillir les spectateurs, mais aussi les voyageurs d\u2019affaires, nombreux dans ce quartier d\u2019affaires en devenir.<\/p>\n"},"alt_text":"","media_type":"image","mime_type":"image\/jpeg","media_details":{"width":696,"height":493,"file":"2016\/04\/bresil-RIO-Hilton-Barra.jpg","sizes":{"thumbnail":{"file":"bresil-RIO-Hilton-Barra-150x150-derived.jpg","width":150,"height":150,"mime_type":"image\/jpeg","source_url":"https:\/\/www.voyages-d-affaires.com\/wp-content\/uploads\/2016\/04\/bresil-RIO-Hilton-Barra-150x150-derived.jpg"},"medium":{"file":"bresil-RIO-Hilton-Barra-300x213-derived.jpg","width":300,"height":213,"mime_type":"image\/jpeg","source_url":"https:\/\/www.voyages-d-affaires.com\/wp-content\/uploads\/2016\/04\/bresil-RIO-Hilton-Barra-300x213-derived.jpg"},"td_80x60":{"file":"bresil-RIO-Hilton-Barra-80x60-derived.jpg","width":80,"height":60,"mime_type":"image\/jpeg","source_url":"https:\/\/www.voyages-d-affaires.com\/wp-content\/uploads\/2016\/04\/bresil-RIO-Hilton-Barra-80x60-derived.jpg"},"td_100x70":{"file":"bresil-RIO-Hilton-Barra-100x70-derived.jpg","width":100,"height":70,"mime_type":"image\/jpeg","source_url":"https:\/\/www.voyages-d-affaires.com\/wp-content\/uploads\/2016\/04\/bresil-RIO-Hilton-Barra-100x70-derived.jpg"},"td_218x150":{"file":"bresil-RIO-Hilton-Barra-218x150-derived.jpg","width":218,"height":150,"mime_type":"image\/jpeg","source_url":"https:\/\/www.voyages-d-affaires.com\/wp-content\/uploads\/2016\/04\/bresil-RIO-Hilton-Barra-218x150-derived.jpg"},"td_265x198":{"file":"bresil-RIO-Hilton-Barra-265x198-derived.jpg","width":265,"height":198,"mime_type":"image\/jpeg","source_url":"https:\/\/www.voyages-d-affaires.com\/wp-content\/uploads\/2016\/04\/bresil-RIO-Hilton-Barra-265x198-derived.jpg"},"td_324x160":{"file":"bresil-RIO-Hilton-Barra-324x160-derived.jpg","width":324,"height":160,"mime_type":"image\/jpeg","source_url":"https:\/\/www.voyages-d-affaires.com\/wp-content\/uploads\/2016\/04\/bresil-RIO-Hilton-Barra-324x160-derived.jpg"},"td_324x235":{"file":"bresil-RIO-Hilton-Barra-324x235-derived.jpg","width":324,"height":235,"mime_type":"image\/jpeg","source_url":"https:\/\/www.voyages-d-affaires.com\/wp-content\/uploads\/2016\/04\/bresil-RIO-Hilton-Barra-324x235-derived.jpg"},"td_534x462":{"file":"bresil-RIO-Hilton-Barra-534x462-derived.jpg","width":534,"height":462,"mime_type":"image\/jpeg","source_url":"https:\/\/www.voyages-d-affaires.com\/wp-content\/uploads\/2016\/04\/bresil-RIO-Hilton-Barra-534x462-derived.jpg"},"full":{"file":"bresil-RIO-Hilton-Barra.jpg","width":696,"height":493,"mime_type":"image\/jpeg","source_url":"https:\/\/www.voyages-d-affaires.com\/wp-content\/uploads\/2016\/04\/bresil-RIO-Hilton-Barra.jpg"}},"image_meta":{"aperture":"0","credit":"","camera":"","caption":"","created_timestamp":"0","copyright":"","focal_length":"0","iso":"0","shutter_speed":"0","title":"","orientation":"0","keywords":[]}},"post":null,"source_url":"https:\/\/www.voyages-d-affaires.com\/wp-content\/uploads\/2016\/04\/bresil-RIO-Hilton-Barra.jpg","_links":{"self":[{"href":"https:\/\/www.voyages-d-affaires.com\/en\/wp-json\/wp\/v2\/media\/46833","targetHints":{"allow":["GET"]}}],"collection":[{"href":"https:\/\/www.voyages-d-affaires.com\/en\/wp-json\/wp\/v2\/media"}],"about":[{"href":"https:\/\/www.voyages-d-affaires.com\/en\/wp-json\/wp\/v2\/types\/attachment"}],"author":[{"embeddable":true,"href":"https:\/\/www.voyages-d-affaires.com\/en\/wp-json\/wp\/v2\/users\/3"}],"replies":[{"embeddable":true,"href":"https:\/\/www.voyages-d-affaires.com\/en\/wp-json\/wp\/v2\/comments?post=46833"}]}}

<!-- This site is optimized with the Yoast SEO Premium plugin v25.9 (Yoast SEO v25.9) - https://yoast.com/wordpress/plugins/seo/ -->
<title>bresil-RIO-Hilton-Barra</title>
<meta name="robots" content="index, follow, max-snippet:-1, max-image-preview:large, max-video-preview:-1" />
<link rel="canonical" href="https://www.voyages-d-affaires.com/wp-content/uploads/2016/04/bresil-RIO-Hilton-Barra.jpg" />
<meta property="og:locale" content="en_GB" />
<meta property="og:type" content="article" />
<meta property="og:title" content="bresil-RIO-Hilton-Barra" />
<meta property="og:description" content="L’été prochain, la fièvre olympique va s’emparer de Rio, plus particulièrement de la zone de Barra da Tijuca. Ouvert l’an dernier, le Hilton est prêt pour accueillir les spectateurs, mais aussi les voyageurs d’affaires, nombreux dans ce quartier d’affaires en devenir." />
<meta property="og:url" content="https://www.voyages-d-affaires.com/wp-content/uploads/2016/04/bresil-RIO-Hilton-Barra.jpg" />
<meta property="og:site_name" content="Voyages d&#039;affaires" />
<meta property="article:modified_time" content="2016-04-13T10:02:28+00:00" />
<meta property="og:image" content="https://www.voyages-d-affaires.com/wp-content/uploads/2016/04/bresil-RIO-Hilton-Barra.jpg" />
	<meta property="og:image:width" content="696" />
	<meta property="og:image:height" content="493" />
	<meta property="og:image:type" content="image/jpeg" />
<meta name="twitter:card" content="summary_large_image" />
<script type="application/ld+json" class="yoast-schema-graph">{"@context":"https://schema.org","@graph":[{"@type":"WebPage","@id":"https://www.voyages-d-affaires.com/wp-content/uploads/2016/04/bresil-RIO-Hilton-Barra.jpg","url":"https://www.voyages-d-affaires.com/wp-content/uploads/2016/04/bresil-RIO-Hilton-Barra.jpg","name":"bresil-RIO-Hilton-Barra","isPartOf":{"@id":"https://www.voyages-d-affaires.com/#website"},"datePublished":"2016-04-13T07:02:57+00:00","dateModified":"2016-04-13T10:02:28+00:00","breadcrumb":{"@id":"https://www.voyages-d-affaires.com/wp-content/uploads/2016/04/bresil-RIO-Hilton-Barra.jpg#breadcrumb"},"inLanguage":"en-GB","potentialAction":[{"@type":"ReadAction","target":["https://www.voyages-d-affaires.com/wp-content/uploads/2016/04/bresil-RIO-Hilton-Barra.jpg"]}]},{"@type":"BreadcrumbList","@id":"https://www.voyages-d-affaires.com/wp-content/uploads/2016/04/bresil-RIO-Hilton-Barra.jpg#breadcrumb","itemListElement":[{"@type":"ListItem","position":1,"name":"Accueil","item":"https://www.voyages-d-affaires.com/"},{"@type":"ListItem","position":2,"name":"bresil-RIO-Hilton-Barra"}]},{"@type":"WebSite","@id":"https://www.voyages-d-affaires.com/#website","url":"https://www.voyages-d-affaires.com/","name":"Voyages d&#039;affaires","description":"media français du Voyage d&#039;Affaires &amp; du MICE","potentialAction":[{"@type":"SearchAction","target":{"@type":"EntryPoint","urlTemplate":"https://www.voyages-d-affaires.com/?s={search_term_string}"},"query-input":{"@type":"PropertyValueSpecification","valueRequired":true,"valueName":"search_term_string"}}],"inLanguage":"en-GB"}]}</script>
<!-- / Yoast SEO Premium plugin. -->

L’été prochain, la fièvre olympique va s’emparer de Rio, plus particulièrement de la zone de Barra da Tijuca. Ouvert l’an dernier, le Hilton est prêt pour accueillir les spectateurs, mais aussi les voyageurs d’affaires, nombreux dans ce quartier d’affaires en devenir.

<p class="attachment"><a href='https://www.voyages-d-affaires.com/wp-content/uploads/2016/04/bresil-RIO-Hilton-Barra.jpg'><img loading="lazy" decoding="async" width="300" height="213" src="https://www.voyages-d-affaires.com/wp-content/uploads/2016/04/bresil-RIO-Hilton-Barra-300x213-derived.jpg" class="attachment-medium size-medium" alt="" srcset="https://www.voyages-d-affaires.com/wp-content/uploads/2016/04/bresil-RIO-Hilton-Barra-300x213-derived.jpg 300w, https://www.voyages-d-affaires.com/wp-content/uploads/2016/04/bresil-RIO-Hilton-Barra-100x70-derived.jpg 100w, https://www.voyages-d-affaires.com/wp-content/uploads/2016/04/bresil-RIO-Hilton-Barra.jpg 696w" sizes="auto, (max-width: 300px) 100vw, 300px" /></a></p>
<p>L’été prochain, la fièvre olympique va s’emparer de Rio, plus particulièrement de la zone de Barra da Tijuca. Ouvert l’an dernier, le Hilton est prêt pour accueillir les spectateurs, mais aussi les voyageurs d’affaires, nombreux dans ce quartier d’affaires en devenir.</p>

<p>L’été prochain, la fièvre olympique va s’emparer de Rio, plus particulièrement de la zone de Barra da Tijuca. Ouvert l’an dernier, le Hilton est prêt pour accueillir les spectateurs, mais aussi les voyageurs d’affaires, nombreux dans ce quartier d’affaires en devenir.</p>
