{"id":46837,"date":"2016-04-13T08:03:25","date_gmt":"2016-04-13T07:03:25","guid":{"rendered":"https:\/\/www.voyages-d-affaires.com\/wp-content\/uploads\/2016\/04\/bresil-RIO-Ipanema-Fasano.jpg"},"modified":"2016-04-13T11:01:30","modified_gmt":"2016-04-13T10:01:30","slug":"bresil-rio-ipanema-fasano","status":"inherit","type":"attachment","link":"https:\/\/www.voyages-d-affaires.com\/en\/bresil-rio-ipanema-fasano","title":{"rendered":"Le Fasano"},"author":3,"featured_media":0,"comment_status":"closed","ping_status":"closed","template":"","meta":{"_acf_changed":false},"class_list":["post-46837","attachment","type-attachment","status-inherit","hentry"],"acf":[],"yoast_head":"<!-- This site is optimized with the Yoast SEO Premium plugin v25.9 (Yoast SEO v25.9) - https:\/\/yoast.com\/wordpress\/plugins\/seo\/ -->\n<title>Le Fasano<\/title>\n<meta name=\"robots\" content=\"index, follow, max-snippet:-1, max-image-preview:large, max-video-preview:-1\" \/>\n<link rel=\"canonical\" href=\"https:\/\/www.voyages-d-affaires.com\/wp-content\/uploads\/2016\/04\/bresil-RIO-Ipanema-Fasano.jpg\" \/>\n<meta property=\"og:locale\" content=\"en_GB\" \/>\n<meta property=\"og:type\" content=\"article\" \/>\n<meta property=\"og:title\" content=\"Le Fasano\" \/>\n<meta property=\"og:description\" content=\"Star d\u2019Ipanema, le Fasano et son glamour vintage sign\u00e9 Philippe Stack revisite l\u2019\u00e2ge d\u2019or de la bossa nova, quand Carlos Jobim et Vinicius de Moraes chantaient la gr\u00e2ce des filles aux corps dor\u00e9s qui se rendaient \u00e0 la plage.\" \/>\n<meta property=\"og:url\" content=\"https:\/\/www.voyages-d-affaires.com\/wp-content\/uploads\/2016\/04\/bresil-RIO-Ipanema-Fasano.jpg\" \/>\n<meta property=\"og:site_name\" content=\"Voyages d&#039;affaires\" \/>\n<meta property=\"article:modified_time\" content=\"2016-04-13T10:01:30+00:00\" \/>\n<meta property=\"og:image\" content=\"https:\/\/www.voyages-d-affaires.com\/wp-content\/uploads\/2016\/04\/bresil-RIO-Ipanema-Fasano.jpg\" \/>\n\t<meta property=\"og:image:width\" content=\"696\" \/>\n\t<meta property=\"og:image:height\" content=\"464\" \/>\n\t<meta property=\"og:image:type\" content=\"image\/jpeg\" \/>\n<meta name=\"twitter:card\" content=\"summary_large_image\" \/>\n<script type=\"application\/ld+json\" class=\"yoast-schema-graph\">{\"@context\":\"https:\/\/schema.org\",\"@graph\":[{\"@type\":\"WebPage\",\"@id\":\"https:\/\/www.voyages-d-affaires.com\/wp-content\/uploads\/2016\/04\/bresil-RIO-Ipanema-Fasano.jpg\",\"url\":\"https:\/\/www.voyages-d-affaires.com\/wp-content\/uploads\/2016\/04\/bresil-RIO-Ipanema-Fasano.jpg\",\"name\":\"Le Fasano\",\"isPartOf\":{\"@id\":\"https:\/\/www.voyages-d-affaires.com\/#website\"},\"datePublished\":\"2016-04-13T07:03:25+00:00\",\"dateModified\":\"2016-04-13T10:01:30+00:00\",\"breadcrumb\":{\"@id\":\"https:\/\/www.voyages-d-affaires.com\/wp-content\/uploads\/2016\/04\/bresil-RIO-Ipanema-Fasano.jpg#breadcrumb\"},\"inLanguage\":\"en-GB\",\"potentialAction\":[{\"@type\":\"ReadAction\",\"target\":[\"https:\/\/www.voyages-d-affaires.com\/wp-content\/uploads\/2016\/04\/bresil-RIO-Ipanema-Fasano.jpg\"]}]},{\"@type\":\"BreadcrumbList\",\"@id\":\"https:\/\/www.voyages-d-affaires.com\/wp-content\/uploads\/2016\/04\/bresil-RIO-Ipanema-Fasano.jpg#breadcrumb\",\"itemListElement\":[{\"@type\":\"ListItem\",\"position\":1,\"name\":\"Accueil\",\"item\":\"https:\/\/www.voyages-d-affaires.com\/\"},{\"@type\":\"ListItem\",\"position\":2,\"name\":\"Le Fasano\"}]},{\"@type\":\"WebSite\",\"@id\":\"https:\/\/www.voyages-d-affaires.com\/#website\",\"url\":\"https:\/\/www.voyages-d-affaires.com\/\",\"name\":\"Voyages d&#039;affaires\",\"description\":\"media fran\u00e7ais du Voyage d&#039;Affaires &amp; du MICE\",\"potentialAction\":[{\"@type\":\"SearchAction\",\"target\":{\"@type\":\"EntryPoint\",\"urlTemplate\":\"https:\/\/www.voyages-d-affaires.com\/?s={search_term_string}\"},\"query-input\":{\"@type\":\"PropertyValueSpecification\",\"valueRequired\":true,\"valueName\":\"search_term_string\"}}],\"inLanguage\":\"en-GB\"}]}<\/script>\n<!-- \/ Yoast SEO Premium plugin. -->","yoast_head_json":{"title":"Le Fasano","robots":{"index":"index","follow":"follow","max-snippet":"max-snippet:-1","max-image-preview":"max-image-preview:large","max-video-preview":"max-video-preview:-1"},"canonical":"https:\/\/www.voyages-d-affaires.com\/wp-content\/uploads\/2016\/04\/bresil-RIO-Ipanema-Fasano.jpg","og_locale":"en_GB","og_type":"article","og_title":"Le Fasano","og_description":"Star d\u2019Ipanema, le Fasano et son glamour vintage sign\u00e9 Philippe Stack revisite l\u2019\u00e2ge d\u2019or de la bossa nova, quand Carlos Jobim et Vinicius de Moraes chantaient la gr\u00e2ce des filles aux corps dor\u00e9s qui se rendaient \u00e0 la plage.","og_url":"https:\/\/www.voyages-d-affaires.com\/wp-content\/uploads\/2016\/04\/bresil-RIO-Ipanema-Fasano.jpg","og_site_name":"Voyages d&#039;affaires","article_modified_time":"2016-04-13T10:01:30+00:00","og_image":[{"width":696,"height":464,"url":"https:\/\/www.voyages-d-affaires.com\/wp-content\/uploads\/2016\/04\/bresil-RIO-Ipanema-Fasano.jpg","type":"image\/jpeg"}],"twitter_card":"summary_large_image","schema":{"@context":"https:\/\/schema.org","@graph":[{"@type":"WebPage","@id":"https:\/\/www.voyages-d-affaires.com\/wp-content\/uploads\/2016\/04\/bresil-RIO-Ipanema-Fasano.jpg","url":"https:\/\/www.voyages-d-affaires.com\/wp-content\/uploads\/2016\/04\/bresil-RIO-Ipanema-Fasano.jpg","name":"Le Fasano","isPartOf":{"@id":"https:\/\/www.voyages-d-affaires.com\/#website"},"datePublished":"2016-04-13T07:03:25+00:00","dateModified":"2016-04-13T10:01:30+00:00","breadcrumb":{"@id":"https:\/\/www.voyages-d-affaires.com\/wp-content\/uploads\/2016\/04\/bresil-RIO-Ipanema-Fasano.jpg#breadcrumb"},"inLanguage":"en-GB","potentialAction":[{"@type":"ReadAction","target":["https:\/\/www.voyages-d-affaires.com\/wp-content\/uploads\/2016\/04\/bresil-RIO-Ipanema-Fasano.jpg"]}]},{"@type":"BreadcrumbList","@id":"https:\/\/www.voyages-d-affaires.com\/wp-content\/uploads\/2016\/04\/bresil-RIO-Ipanema-Fasano.jpg#breadcrumb","itemListElement":[{"@type":"ListItem","position":1,"name":"Accueil","item":"https:\/\/www.voyages-d-affaires.com\/"},{"@type":"ListItem","position":2,"name":"Le Fasano"}]},{"@type":"WebSite","@id":"https:\/\/www.voyages-d-affaires.com\/#website","url":"https:\/\/www.voyages-d-affaires.com\/","name":"Business travel","description":"THE FRENCH BUSINESS TRAVEL &amp; MICE MEDIA","potentialAction":[{"@type":"SearchAction","target":{"@type":"EntryPoint","urlTemplate":"https:\/\/www.voyages-d-affaires.com\/?s={search_term_string}"},"query-input":{"@type":"PropertyValueSpecification","valueRequired":true,"valueName":"search_term_string"}}],"inLanguage":"en-GB"}]}},"description":{"rendered":"<p class=\"attachment\"><a href='https:\/\/www.voyages-d-affaires.com\/wp-content\/uploads\/2016\/04\/bresil-RIO-Ipanema-Fasano.jpg'><img loading=\"lazy\" decoding=\"async\" width=\"300\" height=\"200\" src=\"https:\/\/www.voyages-d-affaires.com\/wp-content\/uploads\/2016\/04\/bresil-RIO-Ipanema-Fasano-300x200-derived.jpg\" class=\"attachment-medium size-medium\" alt=\"\" srcset=\"https:\/\/www.voyages-d-affaires.com\/wp-content\/uploads\/2016\/04\/bresil-RIO-Ipanema-Fasano-300x200-derived.jpg 300w, https:\/\/www.voyages-d-affaires.com\/wp-content\/uploads\/2016\/04\/bresil-RIO-Ipanema-Fasano.jpg 696w\" sizes=\"auto, (max-width: 300px) 100vw, 300px\" \/><\/a><\/p>\n<p>Star d\u2019Ipanema, le Fasano et son glamour vintage sign\u00e9 Philippe Stack revisite l\u2019\u00e2ge d\u2019or de la bossa nova, quand Carlos Jobim et Vinicius de Moraes chantaient la gr\u00e2ce des filles aux corps dor\u00e9s qui se rendaient \u00e0 la plage.<\/p>\n"},"caption":{"rendered":"<p>Star d\u2019Ipanema, le Fasano et son glamour vintage sign\u00e9 Philippe Stack revisite l\u2019\u00e2ge d\u2019or de la bossa nova, quand Carlos Jobim et Vinicius de Moraes chantaient la gr\u00e2ce des filles aux corps dor\u00e9s qui se rendaient \u00e0 la plage.<\/p>\n"},"alt_text":"","media_type":"image","mime_type":"image\/jpeg","media_details":{"width":696,"height":464,"file":"2016\/04\/bresil-RIO-Ipanema-Fasano.jpg","sizes":{"thumbnail":{"file":"bresil-RIO-Ipanema-Fasano-150x150-derived.jpg","width":150,"height":150,"mime_type":"image\/jpeg","source_url":"https:\/\/www.voyages-d-affaires.com\/wp-content\/uploads\/2016\/04\/bresil-RIO-Ipanema-Fasano-150x150-derived.jpg"},"medium":{"file":"bresil-RIO-Ipanema-Fasano-300x200-derived.jpg","width":300,"height":200,"mime_type":"image\/jpeg","source_url":"https:\/\/www.voyages-d-affaires.com\/wp-content\/uploads\/2016\/04\/bresil-RIO-Ipanema-Fasano-300x200-derived.jpg"},"td_80x60":{"file":"bresil-RIO-Ipanema-Fasano-80x60-derived.jpg","width":80,"height":60,"mime_type":"image\/jpeg","source_url":"https:\/\/www.voyages-d-affaires.com\/wp-content\/uploads\/2016\/04\/bresil-RIO-Ipanema-Fasano-80x60-derived.jpg"},"td_100x70":{"file":"bresil-RIO-Ipanema-Fasano-100x70-derived.jpg","width":100,"height":70,"mime_type":"image\/jpeg","source_url":"https:\/\/www.voyages-d-affaires.com\/wp-content\/uploads\/2016\/04\/bresil-RIO-Ipanema-Fasano-100x70-derived.jpg"},"td_218x150":{"file":"bresil-RIO-Ipanema-Fasano-218x150-derived.jpg","width":218,"height":150,"mime_type":"image\/jpeg","source_url":"https:\/\/www.voyages-d-affaires.com\/wp-content\/uploads\/2016\/04\/bresil-RIO-Ipanema-Fasano-218x150-derived.jpg"},"td_265x198":{"file":"bresil-RIO-Ipanema-Fasano-265x198-derived.jpg","width":265,"height":198,"mime_type":"image\/jpeg","source_url":"https:\/\/www.voyages-d-affaires.com\/wp-content\/uploads\/2016\/04\/bresil-RIO-Ipanema-Fasano-265x198-derived.jpg"},"td_324x160":{"file":"bresil-RIO-Ipanema-Fasano-324x160-derived.jpg","width":324,"height":160,"mime_type":"image\/jpeg","source_url":"https:\/\/www.voyages-d-affaires.com\/wp-content\/uploads\/2016\/04\/bresil-RIO-Ipanema-Fasano-324x160-derived.jpg"},"td_324x235":{"file":"bresil-RIO-Ipanema-Fasano-324x235-derived.jpg","width":324,"height":235,"mime_type":"image\/jpeg","source_url":"https:\/\/www.voyages-d-affaires.com\/wp-content\/uploads\/2016\/04\/bresil-RIO-Ipanema-Fasano-324x235-derived.jpg"},"td_534x462":{"file":"bresil-RIO-Ipanema-Fasano-534x462-derived.jpg","width":534,"height":462,"mime_type":"image\/jpeg","source_url":"https:\/\/www.voyages-d-affaires.com\/wp-content\/uploads\/2016\/04\/bresil-RIO-Ipanema-Fasano-534x462-derived.jpg"},"full":{"file":"bresil-RIO-Ipanema-Fasano.jpg","width":696,"height":464,"mime_type":"image\/jpeg","source_url":"https:\/\/www.voyages-d-affaires.com\/wp-content\/uploads\/2016\/04\/bresil-RIO-Ipanema-Fasano.jpg"}},"image_meta":{"aperture":"0","credit":"","camera":"","caption":"","created_timestamp":"0","copyright":"","focal_length":"0","iso":"0","shutter_speed":"0","title":"","orientation":"0","keywords":[]}},"post":null,"source_url":"https:\/\/www.voyages-d-affaires.com\/wp-content\/uploads\/2016\/04\/bresil-RIO-Ipanema-Fasano.jpg","_links":{"self":[{"href":"https:\/\/www.voyages-d-affaires.com\/en\/wp-json\/wp\/v2\/media\/46837","targetHints":{"allow":["GET"]}}],"collection":[{"href":"https:\/\/www.voyages-d-affaires.com\/en\/wp-json\/wp\/v2\/media"}],"about":[{"href":"https:\/\/www.voyages-d-affaires.com\/en\/wp-json\/wp\/v2\/types\/attachment"}],"author":[{"embeddable":true,"href":"https:\/\/www.voyages-d-affaires.com\/en\/wp-json\/wp\/v2\/users\/3"}],"replies":[{"embeddable":true,"href":"https:\/\/www.voyages-d-affaires.com\/en\/wp-json\/wp\/v2\/comments?post=46837"}]}}

<!-- This site is optimized with the Yoast SEO Premium plugin v25.9 (Yoast SEO v25.9) - https://yoast.com/wordpress/plugins/seo/ -->
<title>Le Fasano</title>
<meta name="robots" content="index, follow, max-snippet:-1, max-image-preview:large, max-video-preview:-1" />
<link rel="canonical" href="https://www.voyages-d-affaires.com/wp-content/uploads/2016/04/bresil-RIO-Ipanema-Fasano.jpg" />
<meta property="og:locale" content="en_GB" />
<meta property="og:type" content="article" />
<meta property="og:title" content="Le Fasano" />
<meta property="og:description" content="Star d’Ipanema, le Fasano et son glamour vintage signé Philippe Stack revisite l’âge d’or de la bossa nova, quand Carlos Jobim et Vinicius de Moraes chantaient la grâce des filles aux corps dorés qui se rendaient à la plage." />
<meta property="og:url" content="https://www.voyages-d-affaires.com/wp-content/uploads/2016/04/bresil-RIO-Ipanema-Fasano.jpg" />
<meta property="og:site_name" content="Voyages d&#039;affaires" />
<meta property="article:modified_time" content="2016-04-13T10:01:30+00:00" />
<meta property="og:image" content="https://www.voyages-d-affaires.com/wp-content/uploads/2016/04/bresil-RIO-Ipanema-Fasano.jpg" />
	<meta property="og:image:width" content="696" />
	<meta property="og:image:height" content="464" />
	<meta property="og:image:type" content="image/jpeg" />
<meta name="twitter:card" content="summary_large_image" />
<script type="application/ld+json" class="yoast-schema-graph">{"@context":"https://schema.org","@graph":[{"@type":"WebPage","@id":"https://www.voyages-d-affaires.com/wp-content/uploads/2016/04/bresil-RIO-Ipanema-Fasano.jpg","url":"https://www.voyages-d-affaires.com/wp-content/uploads/2016/04/bresil-RIO-Ipanema-Fasano.jpg","name":"Le Fasano","isPartOf":{"@id":"https://www.voyages-d-affaires.com/#website"},"datePublished":"2016-04-13T07:03:25+00:00","dateModified":"2016-04-13T10:01:30+00:00","breadcrumb":{"@id":"https://www.voyages-d-affaires.com/wp-content/uploads/2016/04/bresil-RIO-Ipanema-Fasano.jpg#breadcrumb"},"inLanguage":"en-GB","potentialAction":[{"@type":"ReadAction","target":["https://www.voyages-d-affaires.com/wp-content/uploads/2016/04/bresil-RIO-Ipanema-Fasano.jpg"]}]},{"@type":"BreadcrumbList","@id":"https://www.voyages-d-affaires.com/wp-content/uploads/2016/04/bresil-RIO-Ipanema-Fasano.jpg#breadcrumb","itemListElement":[{"@type":"ListItem","position":1,"name":"Accueil","item":"https://www.voyages-d-affaires.com/"},{"@type":"ListItem","position":2,"name":"Le Fasano"}]},{"@type":"WebSite","@id":"https://www.voyages-d-affaires.com/#website","url":"https://www.voyages-d-affaires.com/","name":"Voyages d&#039;affaires","description":"media français du Voyage d&#039;Affaires &amp; du MICE","potentialAction":[{"@type":"SearchAction","target":{"@type":"EntryPoint","urlTemplate":"https://www.voyages-d-affaires.com/?s={search_term_string}"},"query-input":{"@type":"PropertyValueSpecification","valueRequired":true,"valueName":"search_term_string"}}],"inLanguage":"en-GB"}]}</script>
<!-- / Yoast SEO Premium plugin. -->

Star d’Ipanema, le Fasano et son glamour vintage signé Philippe Stack revisite l’âge d’or de la bossa nova, quand Carlos Jobim et Vinicius de Moraes chantaient la grâce des filles aux corps dorés qui se rendaient à la plage.

<p class="attachment"><a href='https://www.voyages-d-affaires.com/wp-content/uploads/2016/04/bresil-RIO-Ipanema-Fasano.jpg'><img loading="lazy" decoding="async" width="300" height="200" src="https://www.voyages-d-affaires.com/wp-content/uploads/2016/04/bresil-RIO-Ipanema-Fasano-300x200-derived.jpg" class="attachment-medium size-medium" alt="" srcset="https://www.voyages-d-affaires.com/wp-content/uploads/2016/04/bresil-RIO-Ipanema-Fasano-300x200-derived.jpg 300w, https://www.voyages-d-affaires.com/wp-content/uploads/2016/04/bresil-RIO-Ipanema-Fasano.jpg 696w" sizes="auto, (max-width: 300px) 100vw, 300px" /></a></p>
<p>Star d’Ipanema, le Fasano et son glamour vintage signé Philippe Stack revisite l’âge d’or de la bossa nova, quand Carlos Jobim et Vinicius de Moraes chantaient la grâce des filles aux corps dorés qui se rendaient à la plage.</p>

<p>Star d’Ipanema, le Fasano et son glamour vintage signé Philippe Stack revisite l’âge d’or de la bossa nova, quand Carlos Jobim et Vinicius de Moraes chantaient la grâce des filles aux corps dorés qui se rendaient à la plage.</p>
