{"id":46869,"date":"2016-04-13T08:06:55","date_gmt":"2016-04-13T07:06:55","guid":{"rendered":"https:\/\/www.voyages-d-affaires.com\/wp-content\/uploads\/2016\/04\/RIO-Plage-Copacabana.jpg"},"modified":"2016-04-13T10:45:40","modified_gmt":"2016-04-13T09:45:40","slug":"rio-beach-copacabana","status":"inherit","type":"attachment","link":"https:\/\/www.voyages-d-affaires.com\/en\/rio-beach-copacabana","title":{"rendered":"RIO-Plage-Copacabana"},"author":3,"featured_media":0,"comment_status":"closed","ping_status":"closed","template":"","meta":{"_acf_changed":false},"class_list":["post-46869","attachment","type-attachment","status-inherit","hentry"],"acf":[],"yoast_head":"<!-- This site is optimized with the Yoast SEO Premium plugin v25.9 (Yoast SEO v25.9) - https:\/\/yoast.com\/wordpress\/plugins\/seo\/ -->\n<title>RIO-Plage-Copacabana<\/title>\n<meta name=\"robots\" content=\"index, follow, max-snippet:-1, max-image-preview:large, max-video-preview:-1\" \/>\n<link rel=\"canonical\" href=\"https:\/\/www.voyages-d-affaires.com\/wp-content\/uploads\/2016\/04\/RIO-Plage-Copacabana.jpg\" \/>\n<meta property=\"og:locale\" content=\"en_GB\" \/>\n<meta property=\"og:type\" content=\"article\" \/>\n<meta property=\"og:title\" content=\"RIO-Plage-Copacabana\" \/>\n<meta property=\"og:description\" content=\"DES ID\u00c9ES QUI CARBURENT - La carte postale carioca masque une r\u00e9alit\u00e9 : des plages idylliques bien s\u00fbr, mais en dessous un soussol riche en hydrocarbures. La baie de Guanabara, paysage sublime class\u00e9 \u00e0 l\u2019Unesco, est aussi un paradis pour les soci\u00e9t\u00e9s p\u00e9trochimiques. Mais l\u2019esprit de la ville, tr\u00e8s ouverte sur les autres, la conduit aujourd\u2019hui \u00e0 d\u00e9velopper son sens cr\u00e9atif autour des m\u00e9dias, de l\u2019audiovisuel et du design.\" \/>\n<meta property=\"og:url\" content=\"https:\/\/www.voyages-d-affaires.com\/wp-content\/uploads\/2016\/04\/RIO-Plage-Copacabana.jpg\" \/>\n<meta property=\"og:site_name\" content=\"Voyages d&#039;affaires\" \/>\n<meta property=\"article:modified_time\" content=\"2016-04-13T09:45:40+00:00\" \/>\n<meta property=\"og:image\" content=\"https:\/\/www.voyages-d-affaires.com\/wp-content\/uploads\/2016\/04\/RIO-Plage-Copacabana.jpg\" \/>\n\t<meta property=\"og:image:width\" content=\"696\" \/>\n\t<meta property=\"og:image:height\" content=\"464\" \/>\n\t<meta property=\"og:image:type\" content=\"image\/jpeg\" \/>\n<meta name=\"twitter:card\" content=\"summary_large_image\" \/>\n<script type=\"application\/ld+json\" class=\"yoast-schema-graph\">{\"@context\":\"https:\/\/schema.org\",\"@graph\":[{\"@type\":\"WebPage\",\"@id\":\"https:\/\/www.voyages-d-affaires.com\/wp-content\/uploads\/2016\/04\/RIO-Plage-Copacabana.jpg\",\"url\":\"https:\/\/www.voyages-d-affaires.com\/wp-content\/uploads\/2016\/04\/RIO-Plage-Copacabana.jpg\",\"name\":\"RIO-Plage-Copacabana\",\"isPartOf\":{\"@id\":\"https:\/\/www.voyages-d-affaires.com\/#website\"},\"datePublished\":\"2016-04-13T07:06:55+00:00\",\"dateModified\":\"2016-04-13T09:45:40+00:00\",\"breadcrumb\":{\"@id\":\"https:\/\/www.voyages-d-affaires.com\/wp-content\/uploads\/2016\/04\/RIO-Plage-Copacabana.jpg#breadcrumb\"},\"inLanguage\":\"en-GB\",\"potentialAction\":[{\"@type\":\"ReadAction\",\"target\":[\"https:\/\/www.voyages-d-affaires.com\/wp-content\/uploads\/2016\/04\/RIO-Plage-Copacabana.jpg\"]}]},{\"@type\":\"BreadcrumbList\",\"@id\":\"https:\/\/www.voyages-d-affaires.com\/wp-content\/uploads\/2016\/04\/RIO-Plage-Copacabana.jpg#breadcrumb\",\"itemListElement\":[{\"@type\":\"ListItem\",\"position\":1,\"name\":\"Accueil\",\"item\":\"https:\/\/www.voyages-d-affaires.com\/\"},{\"@type\":\"ListItem\",\"position\":2,\"name\":\"RIO-Plage-Copacabana\"}]},{\"@type\":\"WebSite\",\"@id\":\"https:\/\/www.voyages-d-affaires.com\/#website\",\"url\":\"https:\/\/www.voyages-d-affaires.com\/\",\"name\":\"Voyages d&#039;affaires\",\"description\":\"media fran\u00e7ais du Voyage d&#039;Affaires &amp; du MICE\",\"potentialAction\":[{\"@type\":\"SearchAction\",\"target\":{\"@type\":\"EntryPoint\",\"urlTemplate\":\"https:\/\/www.voyages-d-affaires.com\/?s={search_term_string}\"},\"query-input\":{\"@type\":\"PropertyValueSpecification\",\"valueRequired\":true,\"valueName\":\"search_term_string\"}}],\"inLanguage\":\"en-GB\"}]}<\/script>\n<!-- \/ Yoast SEO Premium plugin. -->","yoast_head_json":{"title":"RIO-Plage-Copacabana","robots":{"index":"index","follow":"follow","max-snippet":"max-snippet:-1","max-image-preview":"max-image-preview:large","max-video-preview":"max-video-preview:-1"},"canonical":"https:\/\/www.voyages-d-affaires.com\/wp-content\/uploads\/2016\/04\/RIO-Plage-Copacabana.jpg","og_locale":"en_GB","og_type":"article","og_title":"RIO-Plage-Copacabana","og_description":"DES ID\u00c9ES QUI CARBURENT - La carte postale carioca masque une r\u00e9alit\u00e9 : des plages idylliques bien s\u00fbr, mais en dessous un soussol riche en hydrocarbures. La baie de Guanabara, paysage sublime class\u00e9 \u00e0 l\u2019Unesco, est aussi un paradis pour les soci\u00e9t\u00e9s p\u00e9trochimiques. Mais l\u2019esprit de la ville, tr\u00e8s ouverte sur les autres, la conduit aujourd\u2019hui \u00e0 d\u00e9velopper son sens cr\u00e9atif autour des m\u00e9dias, de l\u2019audiovisuel et du design.","og_url":"https:\/\/www.voyages-d-affaires.com\/wp-content\/uploads\/2016\/04\/RIO-Plage-Copacabana.jpg","og_site_name":"Voyages d&#039;affaires","article_modified_time":"2016-04-13T09:45:40+00:00","og_image":[{"width":696,"height":464,"url":"https:\/\/www.voyages-d-affaires.com\/wp-content\/uploads\/2016\/04\/RIO-Plage-Copacabana.jpg","type":"image\/jpeg"}],"twitter_card":"summary_large_image","schema":{"@context":"https:\/\/schema.org","@graph":[{"@type":"WebPage","@id":"https:\/\/www.voyages-d-affaires.com\/wp-content\/uploads\/2016\/04\/RIO-Plage-Copacabana.jpg","url":"https:\/\/www.voyages-d-affaires.com\/wp-content\/uploads\/2016\/04\/RIO-Plage-Copacabana.jpg","name":"RIO-Plage-Copacabana","isPartOf":{"@id":"https:\/\/www.voyages-d-affaires.com\/#website"},"datePublished":"2016-04-13T07:06:55+00:00","dateModified":"2016-04-13T09:45:40+00:00","breadcrumb":{"@id":"https:\/\/www.voyages-d-affaires.com\/wp-content\/uploads\/2016\/04\/RIO-Plage-Copacabana.jpg#breadcrumb"},"inLanguage":"en-GB","potentialAction":[{"@type":"ReadAction","target":["https:\/\/www.voyages-d-affaires.com\/wp-content\/uploads\/2016\/04\/RIO-Plage-Copacabana.jpg"]}]},{"@type":"BreadcrumbList","@id":"https:\/\/www.voyages-d-affaires.com\/wp-content\/uploads\/2016\/04\/RIO-Plage-Copacabana.jpg#breadcrumb","itemListElement":[{"@type":"ListItem","position":1,"name":"Accueil","item":"https:\/\/www.voyages-d-affaires.com\/"},{"@type":"ListItem","position":2,"name":"RIO-Plage-Copacabana"}]},{"@type":"WebSite","@id":"https:\/\/www.voyages-d-affaires.com\/#website","url":"https:\/\/www.voyages-d-affaires.com\/","name":"Business travel","description":"THE FRENCH BUSINESS TRAVEL &amp; MICE MEDIA","potentialAction":[{"@type":"SearchAction","target":{"@type":"EntryPoint","urlTemplate":"https:\/\/www.voyages-d-affaires.com\/?s={search_term_string}"},"query-input":{"@type":"PropertyValueSpecification","valueRequired":true,"valueName":"search_term_string"}}],"inLanguage":"en-GB"}]}},"description":{"rendered":"<p class=\"attachment\"><a href='https:\/\/www.voyages-d-affaires.com\/wp-content\/uploads\/2016\/04\/RIO-Plage-Copacabana.jpg'><img loading=\"lazy\" decoding=\"async\" width=\"300\" height=\"200\" src=\"https:\/\/www.voyages-d-affaires.com\/wp-content\/uploads\/2016\/04\/RIO-Plage-Copacabana-300x200-derived.jpg\" class=\"attachment-medium size-medium\" alt=\"\" srcset=\"https:\/\/www.voyages-d-affaires.com\/wp-content\/uploads\/2016\/04\/RIO-Plage-Copacabana-300x200-derived.jpg 300w, https:\/\/www.voyages-d-affaires.com\/wp-content\/uploads\/2016\/04\/RIO-Plage-Copacabana.jpg 696w\" sizes=\"auto, (max-width: 300px) 100vw, 300px\" \/><\/a><\/p>\n<p>DES ID\u00c9ES QUI CARBURENT &#8211;  La carte postale carioca masque une r\u00e9alit\u00e9 : des plages idylliques bien s\u00fbr, mais en dessous un soussol riche en hydrocarbures. La baie de Guanabara, paysage sublime class\u00e9 \u00e0 l\u2019Unesco, est aussi un paradis pour les soci\u00e9t\u00e9s p\u00e9trochimiques. Mais l\u2019esprit de la ville, tr\u00e8s ouverte sur les autres, la conduit aujourd\u2019hui \u00e0 d\u00e9velopper son sens cr\u00e9atif autour des m\u00e9dias, de l\u2019audiovisuel et du design.<\/p>\n"},"caption":{"rendered":"<p>DES ID\u00c9ES QUI CARBURENT &#8211;  La carte postale carioca masque une r\u00e9alit\u00e9 : des plages idylliques bien s\u00fbr, mais en dessous un soussol riche en hydrocarbures. La baie de Guanabara, paysage sublime class\u00e9 \u00e0 l\u2019Unesco, est aussi un paradis pour les soci\u00e9t\u00e9s p\u00e9trochimiques. Mais l\u2019esprit de la ville, tr\u00e8s ouverte sur les autres, la conduit aujourd\u2019hui \u00e0 d\u00e9velopper son sens cr\u00e9atif autour des m\u00e9dias, de l\u2019audiovisuel et du design.<\/p>\n"},"alt_text":"","media_type":"image","mime_type":"image\/jpeg","media_details":{"width":696,"height":464,"file":"2016\/04\/RIO-Plage-Copacabana.jpg","sizes":{"thumbnail":{"file":"RIO-Plage-Copacabana-150x150-derived.jpg","width":150,"height":150,"mime_type":"image\/jpeg","source_url":"https:\/\/www.voyages-d-affaires.com\/wp-content\/uploads\/2016\/04\/RIO-Plage-Copacabana-150x150-derived.jpg"},"medium":{"file":"RIO-Plage-Copacabana-300x200-derived.jpg","width":300,"height":200,"mime_type":"image\/jpeg","source_url":"https:\/\/www.voyages-d-affaires.com\/wp-content\/uploads\/2016\/04\/RIO-Plage-Copacabana-300x200-derived.jpg"},"td_80x60":{"file":"RIO-Plage-Copacabana-80x60-derived.jpg","width":80,"height":60,"mime_type":"image\/jpeg","source_url":"https:\/\/www.voyages-d-affaires.com\/wp-content\/uploads\/2016\/04\/RIO-Plage-Copacabana-80x60-derived.jpg"},"td_100x70":{"file":"RIO-Plage-Copacabana-100x70-derived.jpg","width":100,"height":70,"mime_type":"image\/jpeg","source_url":"https:\/\/www.voyages-d-affaires.com\/wp-content\/uploads\/2016\/04\/RIO-Plage-Copacabana-100x70-derived.jpg"},"td_218x150":{"file":"RIO-Plage-Copacabana-218x150-derived.jpg","width":218,"height":150,"mime_type":"image\/jpeg","source_url":"https:\/\/www.voyages-d-affaires.com\/wp-content\/uploads\/2016\/04\/RIO-Plage-Copacabana-218x150-derived.jpg"},"td_265x198":{"file":"RIO-Plage-Copacabana-265x198-derived.jpg","width":265,"height":198,"mime_type":"image\/jpeg","source_url":"https:\/\/www.voyages-d-affaires.com\/wp-content\/uploads\/2016\/04\/RIO-Plage-Copacabana-265x198-derived.jpg"},"td_324x160":{"file":"RIO-Plage-Copacabana-324x160-derived.jpg","width":324,"height":160,"mime_type":"image\/jpeg","source_url":"https:\/\/www.voyages-d-affaires.com\/wp-content\/uploads\/2016\/04\/RIO-Plage-Copacabana-324x160-derived.jpg"},"td_324x235":{"file":"RIO-Plage-Copacabana-324x235-derived.jpg","width":324,"height":235,"mime_type":"image\/jpeg","source_url":"https:\/\/www.voyages-d-affaires.com\/wp-content\/uploads\/2016\/04\/RIO-Plage-Copacabana-324x235-derived.jpg"},"td_534x462":{"file":"RIO-Plage-Copacabana-534x462-derived.jpg","width":534,"height":462,"mime_type":"image\/jpeg","source_url":"https:\/\/www.voyages-d-affaires.com\/wp-content\/uploads\/2016\/04\/RIO-Plage-Copacabana-534x462-derived.jpg"},"full":{"file":"RIO-Plage-Copacabana.jpg","width":696,"height":464,"mime_type":"image\/jpeg","source_url":"https:\/\/www.voyages-d-affaires.com\/wp-content\/uploads\/2016\/04\/RIO-Plage-Copacabana.jpg"}},"image_meta":{"aperture":"0","credit":"","camera":"","caption":"","created_timestamp":"0","copyright":"","focal_length":"0","iso":"0","shutter_speed":"0","title":"","orientation":"0","keywords":[]}},"post":null,"source_url":"https:\/\/www.voyages-d-affaires.com\/wp-content\/uploads\/2016\/04\/RIO-Plage-Copacabana.jpg","_links":{"self":[{"href":"https:\/\/www.voyages-d-affaires.com\/en\/wp-json\/wp\/v2\/media\/46869","targetHints":{"allow":["GET"]}}],"collection":[{"href":"https:\/\/www.voyages-d-affaires.com\/en\/wp-json\/wp\/v2\/media"}],"about":[{"href":"https:\/\/www.voyages-d-affaires.com\/en\/wp-json\/wp\/v2\/types\/attachment"}],"author":[{"embeddable":true,"href":"https:\/\/www.voyages-d-affaires.com\/en\/wp-json\/wp\/v2\/users\/3"}],"replies":[{"embeddable":true,"href":"https:\/\/www.voyages-d-affaires.com\/en\/wp-json\/wp\/v2\/comments?post=46869"}]}}

<!-- This site is optimized with the Yoast SEO Premium plugin v25.9 (Yoast SEO v25.9) - https://yoast.com/wordpress/plugins/seo/ -->
<title>RIO-Plage-Copacabana</title>
<meta name="robots" content="index, follow, max-snippet:-1, max-image-preview:large, max-video-preview:-1" />
<link rel="canonical" href="https://www.voyages-d-affaires.com/wp-content/uploads/2016/04/RIO-Plage-Copacabana.jpg" />
<meta property="og:locale" content="en_GB" />
<meta property="og:type" content="article" />
<meta property="og:title" content="RIO-Plage-Copacabana" />
<meta property="og:description" content="DES IDÉES QUI CARBURENT - La carte postale carioca masque une réalité : des plages idylliques bien sûr, mais en dessous un soussol riche en hydrocarbures. La baie de Guanabara, paysage sublime classé à l’Unesco, est aussi un paradis pour les sociétés pétrochimiques. Mais l’esprit de la ville, très ouverte sur les autres, la conduit aujourd’hui à développer son sens créatif autour des médias, de l’audiovisuel et du design." />
<meta property="og:url" content="https://www.voyages-d-affaires.com/wp-content/uploads/2016/04/RIO-Plage-Copacabana.jpg" />
<meta property="og:site_name" content="Voyages d&#039;affaires" />
<meta property="article:modified_time" content="2016-04-13T09:45:40+00:00" />
<meta property="og:image" content="https://www.voyages-d-affaires.com/wp-content/uploads/2016/04/RIO-Plage-Copacabana.jpg" />
	<meta property="og:image:width" content="696" />
	<meta property="og:image:height" content="464" />
	<meta property="og:image:type" content="image/jpeg" />
<meta name="twitter:card" content="summary_large_image" />
<script type="application/ld+json" class="yoast-schema-graph">{"@context":"https://schema.org","@graph":[{"@type":"WebPage","@id":"https://www.voyages-d-affaires.com/wp-content/uploads/2016/04/RIO-Plage-Copacabana.jpg","url":"https://www.voyages-d-affaires.com/wp-content/uploads/2016/04/RIO-Plage-Copacabana.jpg","name":"RIO-Plage-Copacabana","isPartOf":{"@id":"https://www.voyages-d-affaires.com/#website"},"datePublished":"2016-04-13T07:06:55+00:00","dateModified":"2016-04-13T09:45:40+00:00","breadcrumb":{"@id":"https://www.voyages-d-affaires.com/wp-content/uploads/2016/04/RIO-Plage-Copacabana.jpg#breadcrumb"},"inLanguage":"en-GB","potentialAction":[{"@type":"ReadAction","target":["https://www.voyages-d-affaires.com/wp-content/uploads/2016/04/RIO-Plage-Copacabana.jpg"]}]},{"@type":"BreadcrumbList","@id":"https://www.voyages-d-affaires.com/wp-content/uploads/2016/04/RIO-Plage-Copacabana.jpg#breadcrumb","itemListElement":[{"@type":"ListItem","position":1,"name":"Accueil","item":"https://www.voyages-d-affaires.com/"},{"@type":"ListItem","position":2,"name":"RIO-Plage-Copacabana"}]},{"@type":"WebSite","@id":"https://www.voyages-d-affaires.com/#website","url":"https://www.voyages-d-affaires.com/","name":"Voyages d&#039;affaires","description":"media français du Voyage d&#039;Affaires &amp; du MICE","potentialAction":[{"@type":"SearchAction","target":{"@type":"EntryPoint","urlTemplate":"https://www.voyages-d-affaires.com/?s={search_term_string}"},"query-input":{"@type":"PropertyValueSpecification","valueRequired":true,"valueName":"search_term_string"}}],"inLanguage":"en-GB"}]}</script>
<!-- / Yoast SEO Premium plugin. -->

DES IDÉES QUI CARBURENT - La carte postale carioca masque une réalité : des plages idylliques bien sûr, mais en dessous un soussol riche en hydrocarbures. La baie de Guanabara, paysage sublime classé à l’Unesco, est aussi un paradis pour les sociétés pétrochimiques. Mais l’esprit de la ville, très ouverte sur les autres, la conduit aujourd’hui à développer son sens créatif autour des médias, de l’audiovisuel et du design.

<p class="attachment"><a href='https://www.voyages-d-affaires.com/wp-content/uploads/2016/04/RIO-Plage-Copacabana.jpg'><img loading="lazy" decoding="async" width="300" height="200" src="https://www.voyages-d-affaires.com/wp-content/uploads/2016/04/RIO-Plage-Copacabana-300x200-derived.jpg" class="attachment-medium size-medium" alt="" srcset="https://www.voyages-d-affaires.com/wp-content/uploads/2016/04/RIO-Plage-Copacabana-300x200-derived.jpg 300w, https://www.voyages-d-affaires.com/wp-content/uploads/2016/04/RIO-Plage-Copacabana.jpg 696w" sizes="auto, (max-width: 300px) 100vw, 300px" /></a></p>
<p>DES IDÉES QUI CARBURENT &#8211;  La carte postale carioca masque une réalité : des plages idylliques bien sûr, mais en dessous un soussol riche en hydrocarbures. La baie de Guanabara, paysage sublime classé à l’Unesco, est aussi un paradis pour les sociétés pétrochimiques. Mais l’esprit de la ville, très ouverte sur les autres, la conduit aujourd’hui à développer son sens créatif autour des médias, de l’audiovisuel et du design.</p>

<p>DES IDÉES QUI CARBURENT &#8211;  La carte postale carioca masque une réalité : des plages idylliques bien sûr, mais en dessous un soussol riche en hydrocarbures. La baie de Guanabara, paysage sublime classé à l’Unesco, est aussi un paradis pour les sociétés pétrochimiques. Mais l’esprit de la ville, très ouverte sur les autres, la conduit aujourd’hui à développer son sens créatif autour des médias, de l’audiovisuel et du design.</p>
