{"id":49931,"date":"2016-07-05T11:14:11","date_gmt":"2016-07-05T09:14:11","guid":{"rendered":"https:\/\/www.voyages-d-affaires.com\/wp-content\/uploads\/2016\/07\/crete_25.jpg"},"modified":"2016-07-06T13:39:23","modified_gmt":"2016-07-06T11:39:23","slug":"crete-church-of-panagia-kera","status":"inherit","type":"attachment","link":"https:\/\/www.voyages-d-affaires.com\/en\/crete-church-of-panagia-kera","title":{"rendered":"Crete, church of Panagia Kera"},"author":1,"featured_media":0,"comment_status":"closed","ping_status":"closed","template":"","meta":{"_acf_changed":false},"class_list":["post-49931","attachment","type-attachment","status-inherit","hentry"],"acf":[],"yoast_head":"<!-- This site is optimized with the Yoast SEO Premium plugin v25.9 (Yoast SEO v25.9) - https:\/\/yoast.com\/wordpress\/plugins\/seo\/ -->\n<title>la cr\u00e8te, \u00e9glise de Panagia Kera<\/title>\n<meta name=\"robots\" content=\"index, follow, max-snippet:-1, max-image-preview:large, max-video-preview:-1\" \/>\n<link rel=\"canonical\" href=\"https:\/\/www.voyages-d-affaires.com\/wp-content\/uploads\/2016\/07\/crete_25.jpg\" \/>\n<meta property=\"og:locale\" content=\"en_GB\" \/>\n<meta property=\"og:type\" content=\"article\" \/>\n<meta property=\"og:title\" content=\"la cr\u00e8te, \u00e9glise de Panagia Kera\" \/>\n<meta property=\"og:description\" content=\"\u00c0 Kritsa, pr\u00e8s d\u2019Agios Nikolaos, la minuscule \u00e9glise Panagia Kera semble perdue au milieu des oliviers, mais \u00e0 l\u2019int\u00e9rieur, quelle splendeur avec des fresques peintes entre les XIIIe et XVe si\u00e8cles.\" \/>\n<meta property=\"og:url\" content=\"https:\/\/www.voyages-d-affaires.com\/wp-content\/uploads\/2016\/07\/crete_25.jpg\" \/>\n<meta property=\"og:site_name\" content=\"Voyages d&#039;affaires\" \/>\n<meta property=\"article:modified_time\" content=\"2016-07-06T11:39:23+00:00\" \/>\n<meta property=\"og:image\" content=\"https:\/\/www.voyages-d-affaires.com\/wp-content\/uploads\/2016\/07\/crete_25.jpg\" \/>\n\t<meta property=\"og:image:width\" content=\"700\" \/>\n\t<meta property=\"og:image:height\" content=\"467\" \/>\n\t<meta property=\"og:image:type\" content=\"image\/jpeg\" \/>\n<meta name=\"twitter:card\" content=\"summary_large_image\" \/>\n<script type=\"application\/ld+json\" class=\"yoast-schema-graph\">{\"@context\":\"https:\/\/schema.org\",\"@graph\":[{\"@type\":\"WebPage\",\"@id\":\"https:\/\/www.voyages-d-affaires.com\/wp-content\/uploads\/2016\/07\/crete_25.jpg\",\"url\":\"https:\/\/www.voyages-d-affaires.com\/wp-content\/uploads\/2016\/07\/crete_25.jpg\",\"name\":\"la cr\u00e8te, \u00e9glise de Panagia Kera\",\"isPartOf\":{\"@id\":\"https:\/\/www.voyages-d-affaires.com\/#website\"},\"datePublished\":\"2016-07-05T09:14:11+00:00\",\"dateModified\":\"2016-07-06T11:39:23+00:00\",\"breadcrumb\":{\"@id\":\"https:\/\/www.voyages-d-affaires.com\/wp-content\/uploads\/2016\/07\/crete_25.jpg#breadcrumb\"},\"inLanguage\":\"en-GB\",\"potentialAction\":[{\"@type\":\"ReadAction\",\"target\":[\"https:\/\/www.voyages-d-affaires.com\/wp-content\/uploads\/2016\/07\/crete_25.jpg\"]}]},{\"@type\":\"BreadcrumbList\",\"@id\":\"https:\/\/www.voyages-d-affaires.com\/wp-content\/uploads\/2016\/07\/crete_25.jpg#breadcrumb\",\"itemListElement\":[{\"@type\":\"ListItem\",\"position\":1,\"name\":\"Accueil\",\"item\":\"https:\/\/www.voyages-d-affaires.com\/\"},{\"@type\":\"ListItem\",\"position\":2,\"name\":\"la cr\u00e8te, \u00e9glise de Panagia Kera\"}]},{\"@type\":\"WebSite\",\"@id\":\"https:\/\/www.voyages-d-affaires.com\/#website\",\"url\":\"https:\/\/www.voyages-d-affaires.com\/\",\"name\":\"Voyages d&#039;affaires\",\"description\":\"media fran\u00e7ais du Voyage d&#039;Affaires &amp; du MICE\",\"potentialAction\":[{\"@type\":\"SearchAction\",\"target\":{\"@type\":\"EntryPoint\",\"urlTemplate\":\"https:\/\/www.voyages-d-affaires.com\/?s={search_term_string}\"},\"query-input\":{\"@type\":\"PropertyValueSpecification\",\"valueRequired\":true,\"valueName\":\"search_term_string\"}}],\"inLanguage\":\"en-GB\"}]}<\/script>\n<!-- \/ Yoast SEO Premium plugin. -->","yoast_head_json":{"title":"Crete, church of Panagia Kera","robots":{"index":"index","follow":"follow","max-snippet":"max-snippet:-1","max-image-preview":"max-image-preview:large","max-video-preview":"max-video-preview:-1"},"canonical":"https:\/\/www.voyages-d-affaires.com\/wp-content\/uploads\/2016\/07\/crete_25.jpg","og_locale":"en_GB","og_type":"article","og_title":"la cr\u00e8te, \u00e9glise de Panagia Kera","og_description":"\u00c0 Kritsa, pr\u00e8s d\u2019Agios Nikolaos, la minuscule \u00e9glise Panagia Kera semble perdue au milieu des oliviers, mais \u00e0 l\u2019int\u00e9rieur, quelle splendeur avec des fresques peintes entre les XIIIe et XVe si\u00e8cles.","og_url":"https:\/\/www.voyages-d-affaires.com\/wp-content\/uploads\/2016\/07\/crete_25.jpg","og_site_name":"Voyages d&#039;affaires","article_modified_time":"2016-07-06T11:39:23+00:00","og_image":[{"width":700,"height":467,"url":"https:\/\/www.voyages-d-affaires.com\/wp-content\/uploads\/2016\/07\/crete_25.jpg","type":"image\/jpeg"}],"twitter_card":"summary_large_image","schema":{"@context":"https:\/\/schema.org","@graph":[{"@type":"WebPage","@id":"https:\/\/www.voyages-d-affaires.com\/wp-content\/uploads\/2016\/07\/crete_25.jpg","url":"https:\/\/www.voyages-d-affaires.com\/wp-content\/uploads\/2016\/07\/crete_25.jpg","name":"Crete, church of Panagia Kera","isPartOf":{"@id":"https:\/\/www.voyages-d-affaires.com\/#website"},"datePublished":"2016-07-05T09:14:11+00:00","dateModified":"2016-07-06T11:39:23+00:00","breadcrumb":{"@id":"https:\/\/www.voyages-d-affaires.com\/wp-content\/uploads\/2016\/07\/crete_25.jpg#breadcrumb"},"inLanguage":"en-GB","potentialAction":[{"@type":"ReadAction","target":["https:\/\/www.voyages-d-affaires.com\/wp-content\/uploads\/2016\/07\/crete_25.jpg"]}]},{"@type":"BreadcrumbList","@id":"https:\/\/www.voyages-d-affaires.com\/wp-content\/uploads\/2016\/07\/crete_25.jpg#breadcrumb","itemListElement":[{"@type":"ListItem","position":1,"name":"Accueil","item":"https:\/\/www.voyages-d-affaires.com\/"},{"@type":"ListItem","position":2,"name":"la cr\u00e8te, \u00e9glise de Panagia Kera"}]},{"@type":"WebSite","@id":"https:\/\/www.voyages-d-affaires.com\/#website","url":"https:\/\/www.voyages-d-affaires.com\/","name":"Business travel","description":"THE FRENCH BUSINESS TRAVEL &amp; MICE MEDIA","potentialAction":[{"@type":"SearchAction","target":{"@type":"EntryPoint","urlTemplate":"https:\/\/www.voyages-d-affaires.com\/?s={search_term_string}"},"query-input":{"@type":"PropertyValueSpecification","valueRequired":true,"valueName":"search_term_string"}}],"inLanguage":"en-GB"}]}},"description":{"rendered":"<p class=\"attachment\"><a href='https:\/\/www.voyages-d-affaires.com\/wp-content\/uploads\/2016\/07\/crete_25.jpg'><img loading=\"lazy\" decoding=\"async\" width=\"300\" height=\"200\" src=\"https:\/\/www.voyages-d-affaires.com\/wp-content\/uploads\/2016\/07\/crete_25-300x200-derived.jpg\" class=\"attachment-medium size-medium\" alt=\"la cr\u00e8te, \u00e9glise de Panagia Kera\" srcset=\"https:\/\/www.voyages-d-affaires.com\/wp-content\/uploads\/2016\/07\/crete_25-300x200-derived.jpg 300w, https:\/\/www.voyages-d-affaires.com\/wp-content\/uploads\/2016\/07\/crete_25.jpg 700w\" sizes=\"auto, (max-width: 300px) 100vw, 300px\" \/><\/a><\/p>\n<p>\u00c0 Kritsa, pr\u00e8s d\u2019Agios<br \/>\nNikolaos, la minuscule \u00e9glise Panagia Kera semble perdue au milieu des oliviers, mais \u00e0 l\u2019int\u00e9rieur, quelle splendeur avec des fresques peintes entre les XIIIe et XVe si\u00e8cles.<\/p>\n"},"caption":{"rendered":"<p>\u00c0 Kritsa, pr\u00e8s d\u2019Agios<br \/>\nNikolaos, la minuscule \u00e9glise Panagia Kera semble perdue au milieu des oliviers, mais \u00e0 l\u2019int\u00e9rieur, quelle splendeur avec des fresques peintes entre les XIIIe et XVe si\u00e8cles.<\/p>\n"},"alt_text":"la cr\u00e8te, \u00e9glise de Panagia Kera","media_type":"image","mime_type":"image\/jpeg","media_details":{"width":700,"height":467,"file":"2016\/07\/crete_25.jpg","sizes":{"thumbnail":{"file":"crete_25-150x150-derived.jpg","width":150,"height":150,"mime_type":"image\/jpeg","source_url":"https:\/\/www.voyages-d-affaires.com\/wp-content\/uploads\/2016\/07\/crete_25-150x150-derived.jpg"},"medium":{"file":"crete_25-300x200-derived.jpg","width":300,"height":200,"mime_type":"image\/jpeg","source_url":"https:\/\/www.voyages-d-affaires.com\/wp-content\/uploads\/2016\/07\/crete_25-300x200-derived.jpg"},"td_80x60":{"file":"crete_25-80x60-derived.jpg","width":80,"height":60,"mime_type":"image\/jpeg","source_url":"https:\/\/www.voyages-d-affaires.com\/wp-content\/uploads\/2016\/07\/crete_25-80x60-derived.jpg"},"td_100x70":{"file":"crete_25-100x70-derived.jpg","width":100,"height":70,"mime_type":"image\/jpeg","source_url":"https:\/\/www.voyages-d-affaires.com\/wp-content\/uploads\/2016\/07\/crete_25-100x70-derived.jpg"},"td_218x150":{"file":"crete_25-218x150-derived.jpg","width":218,"height":150,"mime_type":"image\/jpeg","source_url":"https:\/\/www.voyages-d-affaires.com\/wp-content\/uploads\/2016\/07\/crete_25-218x150-derived.jpg"},"td_265x198":{"file":"crete_25-265x198-derived.jpg","width":265,"height":198,"mime_type":"image\/jpeg","source_url":"https:\/\/www.voyages-d-affaires.com\/wp-content\/uploads\/2016\/07\/crete_25-265x198-derived.jpg"},"td_324x160":{"file":"crete_25-324x160-derived.jpg","width":324,"height":160,"mime_type":"image\/jpeg","source_url":"https:\/\/www.voyages-d-affaires.com\/wp-content\/uploads\/2016\/07\/crete_25-324x160-derived.jpg"},"td_324x235":{"file":"crete_25-324x235-derived.jpg","width":324,"height":235,"mime_type":"image\/jpeg","source_url":"https:\/\/www.voyages-d-affaires.com\/wp-content\/uploads\/2016\/07\/crete_25-324x235-derived.jpg"},"td_534x462":{"file":"crete_25-534x462-derived.jpg","width":534,"height":462,"mime_type":"image\/jpeg","source_url":"https:\/\/www.voyages-d-affaires.com\/wp-content\/uploads\/2016\/07\/crete_25-534x462-derived.jpg"},"full":{"file":"crete_25.jpg","width":700,"height":467,"mime_type":"image\/jpeg","source_url":"https:\/\/www.voyages-d-affaires.com\/wp-content\/uploads\/2016\/07\/crete_25.jpg"}},"image_meta":{"aperture":"0","credit":"","camera":"","caption":"","created_timestamp":"0","copyright":"","focal_length":"0","iso":"0","shutter_speed":"0","title":"","orientation":"0","keywords":[]}},"post":null,"source_url":"https:\/\/www.voyages-d-affaires.com\/wp-content\/uploads\/2016\/07\/crete_25.jpg","_links":{"self":[{"href":"https:\/\/www.voyages-d-affaires.com\/en\/wp-json\/wp\/v2\/media\/49931","targetHints":{"allow":["GET"]}}],"collection":[{"href":"https:\/\/www.voyages-d-affaires.com\/en\/wp-json\/wp\/v2\/media"}],"about":[{"href":"https:\/\/www.voyages-d-affaires.com\/en\/wp-json\/wp\/v2\/types\/attachment"}],"author":[{"embeddable":true,"href":"https:\/\/www.voyages-d-affaires.com\/en\/wp-json\/wp\/v2\/users\/1"}],"replies":[{"embeddable":true,"href":"https:\/\/www.voyages-d-affaires.com\/en\/wp-json\/wp\/v2\/comments?post=49931"}]}}

<!-- This site is optimized with the Yoast SEO Premium plugin v25.9 (Yoast SEO v25.9) - https://yoast.com/wordpress/plugins/seo/ -->
<title>la crète, église de Panagia Kera</title>
<meta name="robots" content="index, follow, max-snippet:-1, max-image-preview:large, max-video-preview:-1" />
<link rel="canonical" href="https://www.voyages-d-affaires.com/wp-content/uploads/2016/07/crete_25.jpg" />
<meta property="og:locale" content="en_GB" />
<meta property="og:type" content="article" />
<meta property="og:title" content="la crète, église de Panagia Kera" />
<meta property="og:description" content="À Kritsa, près d’Agios Nikolaos, la minuscule église Panagia Kera semble perdue au milieu des oliviers, mais à l’intérieur, quelle splendeur avec des fresques peintes entre les XIIIe et XVe siècles." />
<meta property="og:url" content="https://www.voyages-d-affaires.com/wp-content/uploads/2016/07/crete_25.jpg" />
<meta property="og:site_name" content="Voyages d&#039;affaires" />
<meta property="article:modified_time" content="2016-07-06T11:39:23+00:00" />
<meta property="og:image" content="https://www.voyages-d-affaires.com/wp-content/uploads/2016/07/crete_25.jpg" />
	<meta property="og:image:width" content="700" />
	<meta property="og:image:height" content="467" />
	<meta property="og:image:type" content="image/jpeg" />
<meta name="twitter:card" content="summary_large_image" />
<script type="application/ld+json" class="yoast-schema-graph">{"@context":"https://schema.org","@graph":[{"@type":"WebPage","@id":"https://www.voyages-d-affaires.com/wp-content/uploads/2016/07/crete_25.jpg","url":"https://www.voyages-d-affaires.com/wp-content/uploads/2016/07/crete_25.jpg","name":"la crète, église de Panagia Kera","isPartOf":{"@id":"https://www.voyages-d-affaires.com/#website"},"datePublished":"2016-07-05T09:14:11+00:00","dateModified":"2016-07-06T11:39:23+00:00","breadcrumb":{"@id":"https://www.voyages-d-affaires.com/wp-content/uploads/2016/07/crete_25.jpg#breadcrumb"},"inLanguage":"en-GB","potentialAction":[{"@type":"ReadAction","target":["https://www.voyages-d-affaires.com/wp-content/uploads/2016/07/crete_25.jpg"]}]},{"@type":"BreadcrumbList","@id":"https://www.voyages-d-affaires.com/wp-content/uploads/2016/07/crete_25.jpg#breadcrumb","itemListElement":[{"@type":"ListItem","position":1,"name":"Accueil","item":"https://www.voyages-d-affaires.com/"},{"@type":"ListItem","position":2,"name":"la crète, église de Panagia Kera"}]},{"@type":"WebSite","@id":"https://www.voyages-d-affaires.com/#website","url":"https://www.voyages-d-affaires.com/","name":"Voyages d&#039;affaires","description":"media français du Voyage d&#039;Affaires &amp; du MICE","potentialAction":[{"@type":"SearchAction","target":{"@type":"EntryPoint","urlTemplate":"https://www.voyages-d-affaires.com/?s={search_term_string}"},"query-input":{"@type":"PropertyValueSpecification","valueRequired":true,"valueName":"search_term_string"}}],"inLanguage":"en-GB"}]}</script>
<!-- / Yoast SEO Premium plugin. -->

la crète, église de Panagia Kera

À Kritsa, près d’Agios Nikolaos, la minuscule église Panagia Kera semble perdue au milieu des oliviers, mais à l’intérieur, quelle splendeur avec des fresques peintes entre les XIIIe et XVe siècles.

<p class="attachment"><a href='https://www.voyages-d-affaires.com/wp-content/uploads/2016/07/crete_25.jpg'><img loading="lazy" decoding="async" width="300" height="200" src="https://www.voyages-d-affaires.com/wp-content/uploads/2016/07/crete_25-300x200-derived.jpg" class="attachment-medium size-medium" alt="la crète, église de Panagia Kera" srcset="https://www.voyages-d-affaires.com/wp-content/uploads/2016/07/crete_25-300x200-derived.jpg 300w, https://www.voyages-d-affaires.com/wp-content/uploads/2016/07/crete_25.jpg 700w" sizes="auto, (max-width: 300px) 100vw, 300px" /></a></p>
<p>À Kritsa, près d’Agios<br />
Nikolaos, la minuscule église Panagia Kera semble perdue au milieu des oliviers, mais à l’intérieur, quelle splendeur avec des fresques peintes entre les XIIIe et XVe siècles.</p>

<p>À Kritsa, près d’Agios<br />
Nikolaos, la minuscule église Panagia Kera semble perdue au milieu des oliviers, mais à l’intérieur, quelle splendeur avec des fresques peintes entre les XIIIe et XVe siècles.</p>
