{"id":49941,"date":"2016-07-05T11:15:34","date_gmt":"2016-07-05T09:15:34","guid":{"rendered":"https:\/\/www.voyages-d-affaires.com\/wp-content\/uploads\/2016\/07\/crete_135.jpg"},"modified":"2016-07-06T13:35:05","modified_gmt":"2016-07-06T11:35:05","slug":"crete-heraklion-port-and-fortress","status":"inherit","type":"attachment","link":"https:\/\/www.voyages-d-affaires.com\/en\/crete-heraklion-port-and-fortress","title":{"rendered":"Crete, Heraklion, port and fortress"},"author":1,"featured_media":0,"comment_status":"closed","ping_status":"closed","template":"","meta":{"_acf_changed":false},"class_list":["post-49941","attachment","type-attachment","status-inherit","hentry"],"acf":[],"yoast_head":"<!-- This site is optimized with the Yoast SEO Premium plugin v25.9 (Yoast SEO v25.9) - https:\/\/yoast.com\/wordpress\/plugins\/seo\/ -->\n<title>la cr\u00e8te, Heraklion, port et forteresse<\/title>\n<meta name=\"robots\" content=\"index, follow, max-snippet:-1, max-image-preview:large, max-video-preview:-1\" \/>\n<link rel=\"canonical\" href=\"https:\/\/www.voyages-d-affaires.com\/wp-content\/uploads\/2016\/07\/crete_135.jpg\" \/>\n<meta property=\"og:locale\" content=\"en_GB\" \/>\n<meta property=\"og:type\" content=\"article\" \/>\n<meta property=\"og:title\" content=\"la cr\u00e8te, Heraklion, port et forteresse\" \/>\n<meta property=\"og:description\" content=\"Comme \u00e0 Chania et R\u00e9thymnon, une imposante forteresse barre l\u2019entr\u00e9e du port d\u2019H\u00e9raklion. Le lourd bastion illustre l\u2019importance strat\u00e9gique de la Cr\u00e8te pour la R\u00e9publique de Venise. Et ce, pendant pr\u00e8s de quatre si\u00e8cles de domination, jusqu\u2019\u00e0 ce que les Ottomans r\u00e9ussissent \u00e0 prendre la capitale de l\u2019\u00eele en 1669, apr\u00e8s un si\u00e8ge de 21 ans.\" \/>\n<meta property=\"og:url\" content=\"https:\/\/www.voyages-d-affaires.com\/wp-content\/uploads\/2016\/07\/crete_135.jpg\" \/>\n<meta property=\"og:site_name\" content=\"Voyages d&#039;affaires\" \/>\n<meta property=\"article:modified_time\" content=\"2016-07-06T11:35:05+00:00\" \/>\n<meta property=\"og:image\" content=\"https:\/\/www.voyages-d-affaires.com\/wp-content\/uploads\/2016\/07\/crete_135.jpg\" \/>\n\t<meta property=\"og:image:width\" content=\"700\" \/>\n\t<meta property=\"og:image:height\" content=\"467\" \/>\n\t<meta property=\"og:image:type\" content=\"image\/jpeg\" \/>\n<meta name=\"twitter:card\" content=\"summary_large_image\" \/>\n<script type=\"application\/ld+json\" class=\"yoast-schema-graph\">{\"@context\":\"https:\/\/schema.org\",\"@graph\":[{\"@type\":\"WebPage\",\"@id\":\"https:\/\/www.voyages-d-affaires.com\/wp-content\/uploads\/2016\/07\/crete_135.jpg\",\"url\":\"https:\/\/www.voyages-d-affaires.com\/wp-content\/uploads\/2016\/07\/crete_135.jpg\",\"name\":\"la cr\u00e8te, Heraklion, port et forteresse\",\"isPartOf\":{\"@id\":\"https:\/\/www.voyages-d-affaires.com\/#website\"},\"datePublished\":\"2016-07-05T09:15:34+00:00\",\"dateModified\":\"2016-07-06T11:35:05+00:00\",\"breadcrumb\":{\"@id\":\"https:\/\/www.voyages-d-affaires.com\/wp-content\/uploads\/2016\/07\/crete_135.jpg#breadcrumb\"},\"inLanguage\":\"en-GB\",\"potentialAction\":[{\"@type\":\"ReadAction\",\"target\":[\"https:\/\/www.voyages-d-affaires.com\/wp-content\/uploads\/2016\/07\/crete_135.jpg\"]}]},{\"@type\":\"BreadcrumbList\",\"@id\":\"https:\/\/www.voyages-d-affaires.com\/wp-content\/uploads\/2016\/07\/crete_135.jpg#breadcrumb\",\"itemListElement\":[{\"@type\":\"ListItem\",\"position\":1,\"name\":\"Accueil\",\"item\":\"https:\/\/www.voyages-d-affaires.com\/\"},{\"@type\":\"ListItem\",\"position\":2,\"name\":\"la cr\u00e8te, Heraklion, port et forteresse\"}]},{\"@type\":\"WebSite\",\"@id\":\"https:\/\/www.voyages-d-affaires.com\/#website\",\"url\":\"https:\/\/www.voyages-d-affaires.com\/\",\"name\":\"Voyages d&#039;affaires\",\"description\":\"media fran\u00e7ais du Voyage d&#039;Affaires &amp; du MICE\",\"potentialAction\":[{\"@type\":\"SearchAction\",\"target\":{\"@type\":\"EntryPoint\",\"urlTemplate\":\"https:\/\/www.voyages-d-affaires.com\/?s={search_term_string}\"},\"query-input\":{\"@type\":\"PropertyValueSpecification\",\"valueRequired\":true,\"valueName\":\"search_term_string\"}}],\"inLanguage\":\"en-GB\"}]}<\/script>\n<!-- \/ Yoast SEO Premium plugin. -->","yoast_head_json":{"title":"Crete, Heraklion, port and fortress","robots":{"index":"index","follow":"follow","max-snippet":"max-snippet:-1","max-image-preview":"max-image-preview:large","max-video-preview":"max-video-preview:-1"},"canonical":"https:\/\/www.voyages-d-affaires.com\/wp-content\/uploads\/2016\/07\/crete_135.jpg","og_locale":"en_GB","og_type":"article","og_title":"la cr\u00e8te, Heraklion, port et forteresse","og_description":"Comme \u00e0 Chania et R\u00e9thymnon, une imposante forteresse barre l\u2019entr\u00e9e du port d\u2019H\u00e9raklion. Le lourd bastion illustre l\u2019importance strat\u00e9gique de la Cr\u00e8te pour la R\u00e9publique de Venise. Et ce, pendant pr\u00e8s de quatre si\u00e8cles de domination, jusqu\u2019\u00e0 ce que les Ottomans r\u00e9ussissent \u00e0 prendre la capitale de l\u2019\u00eele en 1669, apr\u00e8s un si\u00e8ge de 21 ans.","og_url":"https:\/\/www.voyages-d-affaires.com\/wp-content\/uploads\/2016\/07\/crete_135.jpg","og_site_name":"Voyages d&#039;affaires","article_modified_time":"2016-07-06T11:35:05+00:00","og_image":[{"width":700,"height":467,"url":"https:\/\/www.voyages-d-affaires.com\/wp-content\/uploads\/2016\/07\/crete_135.jpg","type":"image\/jpeg"}],"twitter_card":"summary_large_image","schema":{"@context":"https:\/\/schema.org","@graph":[{"@type":"WebPage","@id":"https:\/\/www.voyages-d-affaires.com\/wp-content\/uploads\/2016\/07\/crete_135.jpg","url":"https:\/\/www.voyages-d-affaires.com\/wp-content\/uploads\/2016\/07\/crete_135.jpg","name":"Crete, Heraklion, port and fortress","isPartOf":{"@id":"https:\/\/www.voyages-d-affaires.com\/#website"},"datePublished":"2016-07-05T09:15:34+00:00","dateModified":"2016-07-06T11:35:05+00:00","breadcrumb":{"@id":"https:\/\/www.voyages-d-affaires.com\/wp-content\/uploads\/2016\/07\/crete_135.jpg#breadcrumb"},"inLanguage":"en-GB","potentialAction":[{"@type":"ReadAction","target":["https:\/\/www.voyages-d-affaires.com\/wp-content\/uploads\/2016\/07\/crete_135.jpg"]}]},{"@type":"BreadcrumbList","@id":"https:\/\/www.voyages-d-affaires.com\/wp-content\/uploads\/2016\/07\/crete_135.jpg#breadcrumb","itemListElement":[{"@type":"ListItem","position":1,"name":"Accueil","item":"https:\/\/www.voyages-d-affaires.com\/"},{"@type":"ListItem","position":2,"name":"la cr\u00e8te, Heraklion, port et forteresse"}]},{"@type":"WebSite","@id":"https:\/\/www.voyages-d-affaires.com\/#website","url":"https:\/\/www.voyages-d-affaires.com\/","name":"Business travel","description":"THE FRENCH BUSINESS TRAVEL &amp; MICE MEDIA","potentialAction":[{"@type":"SearchAction","target":{"@type":"EntryPoint","urlTemplate":"https:\/\/www.voyages-d-affaires.com\/?s={search_term_string}"},"query-input":{"@type":"PropertyValueSpecification","valueRequired":true,"valueName":"search_term_string"}}],"inLanguage":"en-GB"}]}},"description":{"rendered":"<p class=\"attachment\"><a href='https:\/\/www.voyages-d-affaires.com\/wp-content\/uploads\/2016\/07\/crete_135.jpg'><img loading=\"lazy\" decoding=\"async\" width=\"300\" height=\"200\" src=\"https:\/\/www.voyages-d-affaires.com\/wp-content\/uploads\/2016\/07\/crete_135-300x200-derived.jpg\" class=\"attachment-medium size-medium\" alt=\"la cr\u00e8te, Heraklion, port et forteresse\" srcset=\"https:\/\/www.voyages-d-affaires.com\/wp-content\/uploads\/2016\/07\/crete_135-300x200-derived.jpg 300w, https:\/\/www.voyages-d-affaires.com\/wp-content\/uploads\/2016\/07\/crete_135.jpg 700w\" sizes=\"auto, (max-width: 300px) 100vw, 300px\" \/><\/a><\/p>\n<p>Comme \u00e0 Chania et<br \/>\nR\u00e9thymnon, une imposante<br \/>\nforteresse<br \/>\nbarre l\u2019entr\u00e9e du port<br \/>\nd\u2019H\u00e9raklion. Le lourd<br \/>\nbastion illustre l\u2019importance<br \/>\nstrat\u00e9gique<br \/>\nde la Cr\u00e8te pour la<br \/>\nR\u00e9publique de Venise.<br \/>\nEt ce, pendant pr\u00e8s<br \/>\nde quatre si\u00e8cles de<br \/>\ndomination, jusqu\u2019\u00e0<br \/>\nce que les Ottomans<br \/>\nr\u00e9ussissent \u00e0 prendre<br \/>\nla capitale de l\u2019\u00eele en<br \/>\n1669, apr\u00e8s un si\u00e8ge<br \/>\nde 21 ans.<\/p>\n"},"caption":{"rendered":"<p>Comme \u00e0 Chania et<br \/>\nR\u00e9thymnon, une imposante<br \/>\nforteresse<br \/>\nbarre l\u2019entr\u00e9e du port<br \/>\nd\u2019H\u00e9raklion. Le lourd<br \/>\nbastion illustre l\u2019importance<br \/>\nstrat\u00e9gique<br \/>\nde la Cr\u00e8te pour la<br \/>\nR\u00e9publique de Venise.<br \/>\nEt ce, pendant pr\u00e8s<br \/>\nde quatre si\u00e8cles de<br \/>\ndomination, jusqu\u2019\u00e0<br \/>\nce que les Ottomans<br \/>\nr\u00e9ussissent \u00e0 prendre<br \/>\nla capitale de l\u2019\u00eele en<br \/>\n1669, apr\u00e8s un si\u00e8ge<br \/>\nde 21 ans.<\/p>\n"},"alt_text":"la cr\u00e8te, Heraklion, port et forteresse","media_type":"image","mime_type":"image\/jpeg","media_details":{"width":700,"height":467,"file":"2016\/07\/crete_135.jpg","sizes":{"thumbnail":{"file":"crete_135-150x150-derived.jpg","width":150,"height":150,"mime_type":"image\/jpeg","source_url":"https:\/\/www.voyages-d-affaires.com\/wp-content\/uploads\/2016\/07\/crete_135-150x150-derived.jpg"},"medium":{"file":"crete_135-300x200-derived.jpg","width":300,"height":200,"mime_type":"image\/jpeg","source_url":"https:\/\/www.voyages-d-affaires.com\/wp-content\/uploads\/2016\/07\/crete_135-300x200-derived.jpg"},"td_80x60":{"file":"crete_135-80x60-derived.jpg","width":80,"height":60,"mime_type":"image\/jpeg","source_url":"https:\/\/www.voyages-d-affaires.com\/wp-content\/uploads\/2016\/07\/crete_135-80x60-derived.jpg"},"td_100x70":{"file":"crete_135-100x70-derived.jpg","width":100,"height":70,"mime_type":"image\/jpeg","source_url":"https:\/\/www.voyages-d-affaires.com\/wp-content\/uploads\/2016\/07\/crete_135-100x70-derived.jpg"},"td_218x150":{"file":"crete_135-218x150-derived.jpg","width":218,"height":150,"mime_type":"image\/jpeg","source_url":"https:\/\/www.voyages-d-affaires.com\/wp-content\/uploads\/2016\/07\/crete_135-218x150-derived.jpg"},"td_265x198":{"file":"crete_135-265x198-derived.jpg","width":265,"height":198,"mime_type":"image\/jpeg","source_url":"https:\/\/www.voyages-d-affaires.com\/wp-content\/uploads\/2016\/07\/crete_135-265x198-derived.jpg"},"td_324x160":{"file":"crete_135-324x160-derived.jpg","width":324,"height":160,"mime_type":"image\/jpeg","source_url":"https:\/\/www.voyages-d-affaires.com\/wp-content\/uploads\/2016\/07\/crete_135-324x160-derived.jpg"},"td_324x235":{"file":"crete_135-324x235-derived.jpg","width":324,"height":235,"mime_type":"image\/jpeg","source_url":"https:\/\/www.voyages-d-affaires.com\/wp-content\/uploads\/2016\/07\/crete_135-324x235-derived.jpg"},"td_534x462":{"file":"crete_135-534x462-derived.jpg","width":534,"height":462,"mime_type":"image\/jpeg","source_url":"https:\/\/www.voyages-d-affaires.com\/wp-content\/uploads\/2016\/07\/crete_135-534x462-derived.jpg"},"full":{"file":"crete_135.jpg","width":700,"height":467,"mime_type":"image\/jpeg","source_url":"https:\/\/www.voyages-d-affaires.com\/wp-content\/uploads\/2016\/07\/crete_135.jpg"}},"image_meta":{"aperture":"0","credit":"","camera":"","caption":"","created_timestamp":"0","copyright":"","focal_length":"0","iso":"0","shutter_speed":"0","title":"","orientation":"0","keywords":[]}},"post":null,"source_url":"https:\/\/www.voyages-d-affaires.com\/wp-content\/uploads\/2016\/07\/crete_135.jpg","_links":{"self":[{"href":"https:\/\/www.voyages-d-affaires.com\/en\/wp-json\/wp\/v2\/media\/49941","targetHints":{"allow":["GET"]}}],"collection":[{"href":"https:\/\/www.voyages-d-affaires.com\/en\/wp-json\/wp\/v2\/media"}],"about":[{"href":"https:\/\/www.voyages-d-affaires.com\/en\/wp-json\/wp\/v2\/types\/attachment"}],"author":[{"embeddable":true,"href":"https:\/\/www.voyages-d-affaires.com\/en\/wp-json\/wp\/v2\/users\/1"}],"replies":[{"embeddable":true,"href":"https:\/\/www.voyages-d-affaires.com\/en\/wp-json\/wp\/v2\/comments?post=49941"}]}}

<!-- This site is optimized with the Yoast SEO Premium plugin v25.9 (Yoast SEO v25.9) - https://yoast.com/wordpress/plugins/seo/ -->
<title>la crète, Heraklion, port et forteresse</title>
<meta name="robots" content="index, follow, max-snippet:-1, max-image-preview:large, max-video-preview:-1" />
<link rel="canonical" href="https://www.voyages-d-affaires.com/wp-content/uploads/2016/07/crete_135.jpg" />
<meta property="og:locale" content="en_GB" />
<meta property="og:type" content="article" />
<meta property="og:title" content="la crète, Heraklion, port et forteresse" />
<meta property="og:description" content="Comme à Chania et Réthymnon, une imposante forteresse barre l’entrée du port d’Héraklion. Le lourd bastion illustre l’importance stratégique de la Crète pour la République de Venise. Et ce, pendant près de quatre siècles de domination, jusqu’à ce que les Ottomans réussissent à prendre la capitale de l’île en 1669, après un siège de 21 ans." />
<meta property="og:url" content="https://www.voyages-d-affaires.com/wp-content/uploads/2016/07/crete_135.jpg" />
<meta property="og:site_name" content="Voyages d&#039;affaires" />
<meta property="article:modified_time" content="2016-07-06T11:35:05+00:00" />
<meta property="og:image" content="https://www.voyages-d-affaires.com/wp-content/uploads/2016/07/crete_135.jpg" />
	<meta property="og:image:width" content="700" />
	<meta property="og:image:height" content="467" />
	<meta property="og:image:type" content="image/jpeg" />
<meta name="twitter:card" content="summary_large_image" />
<script type="application/ld+json" class="yoast-schema-graph">{"@context":"https://schema.org","@graph":[{"@type":"WebPage","@id":"https://www.voyages-d-affaires.com/wp-content/uploads/2016/07/crete_135.jpg","url":"https://www.voyages-d-affaires.com/wp-content/uploads/2016/07/crete_135.jpg","name":"la crète, Heraklion, port et forteresse","isPartOf":{"@id":"https://www.voyages-d-affaires.com/#website"},"datePublished":"2016-07-05T09:15:34+00:00","dateModified":"2016-07-06T11:35:05+00:00","breadcrumb":{"@id":"https://www.voyages-d-affaires.com/wp-content/uploads/2016/07/crete_135.jpg#breadcrumb"},"inLanguage":"en-GB","potentialAction":[{"@type":"ReadAction","target":["https://www.voyages-d-affaires.com/wp-content/uploads/2016/07/crete_135.jpg"]}]},{"@type":"BreadcrumbList","@id":"https://www.voyages-d-affaires.com/wp-content/uploads/2016/07/crete_135.jpg#breadcrumb","itemListElement":[{"@type":"ListItem","position":1,"name":"Accueil","item":"https://www.voyages-d-affaires.com/"},{"@type":"ListItem","position":2,"name":"la crète, Heraklion, port et forteresse"}]},{"@type":"WebSite","@id":"https://www.voyages-d-affaires.com/#website","url":"https://www.voyages-d-affaires.com/","name":"Voyages d&#039;affaires","description":"media français du Voyage d&#039;Affaires &amp; du MICE","potentialAction":[{"@type":"SearchAction","target":{"@type":"EntryPoint","urlTemplate":"https://www.voyages-d-affaires.com/?s={search_term_string}"},"query-input":{"@type":"PropertyValueSpecification","valueRequired":true,"valueName":"search_term_string"}}],"inLanguage":"en-GB"}]}</script>
<!-- / Yoast SEO Premium plugin. -->

la crète, Heraklion, port et forteresse

Comme à Chania et Réthymnon, une imposante forteresse barre l’entrée du port d’Héraklion. Le lourd bastion illustre l’importance stratégique de la Crète pour la République de Venise. Et ce, pendant près de quatre siècles de domination, jusqu’à ce que les Ottomans réussissent à prendre la capitale de l’île en 1669, après un siège de 21 ans.

<p class="attachment"><a href='https://www.voyages-d-affaires.com/wp-content/uploads/2016/07/crete_135.jpg'><img loading="lazy" decoding="async" width="300" height="200" src="https://www.voyages-d-affaires.com/wp-content/uploads/2016/07/crete_135-300x200-derived.jpg" class="attachment-medium size-medium" alt="la crète, Heraklion, port et forteresse" srcset="https://www.voyages-d-affaires.com/wp-content/uploads/2016/07/crete_135-300x200-derived.jpg 300w, https://www.voyages-d-affaires.com/wp-content/uploads/2016/07/crete_135.jpg 700w" sizes="auto, (max-width: 300px) 100vw, 300px" /></a></p>
<p>Comme à Chania et<br />
Réthymnon, une imposante<br />
forteresse<br />
barre l’entrée du port<br />
d’Héraklion. Le lourd<br />
bastion illustre l’importance<br />
stratégique<br />
de la Crète pour la<br />
République de Venise.<br />
Et ce, pendant près<br />
de quatre siècles de<br />
domination, jusqu’à<br />
ce que les Ottomans<br />
réussissent à prendre<br />
la capitale de l’île en<br />
1669, après un siège<br />
de 21 ans.</p>

<p>Comme à Chania et<br />
Réthymnon, une imposante<br />
forteresse<br />
barre l’entrée du port<br />
d’Héraklion. Le lourd<br />
bastion illustre l’importance<br />
stratégique<br />
de la Crète pour la<br />
République de Venise.<br />
Et ce, pendant près<br />
de quatre siècles de<br />
domination, jusqu’à<br />
ce que les Ottomans<br />
réussissent à prendre<br />
la capitale de l’île en<br />
1669, après un siège<br />
de 21 ans.</p>
