{"id":49951,"date":"2016-07-05T11:17:00","date_gmt":"2016-07-05T09:17:00","guid":{"rendered":"https:\/\/www.voyages-d-affaires.com\/wp-content\/uploads\/2016\/07\/crete_218.jpg"},"modified":"2016-07-06T13:56:57","modified_gmt":"2016-07-06T11:56:57","slug":"la-crete-village-of-anogia","status":"inherit","type":"attachment","link":"https:\/\/www.voyages-d-affaires.com\/en\/la-crete-village-of-anogia","title":{"rendered":"Crete, village of Anogia"},"author":1,"featured_media":0,"comment_status":"closed","ping_status":"closed","template":"","meta":{"_acf_changed":false},"class_list":["post-49951","attachment","type-attachment","status-inherit","hentry"],"acf":[],"yoast_head":"<!-- This site is optimized with the Yoast SEO Premium plugin v25.9 (Yoast SEO v25.9) - https:\/\/yoast.com\/wordpress\/plugins\/seo\/ -->\n<title>La Cr\u00e8te, village de Anogia<\/title>\n<meta name=\"robots\" content=\"index, follow, max-snippet:-1, max-image-preview:large, max-video-preview:-1\" \/>\n<link rel=\"canonical\" href=\"https:\/\/www.voyages-d-affaires.com\/wp-content\/uploads\/2016\/07\/crete_218.jpg\" \/>\n<meta property=\"og:locale\" content=\"en_GB\" \/>\n<meta property=\"og:type\" content=\"article\" \/>\n<meta property=\"og:title\" content=\"La Cr\u00e8te, village de Anogia\" \/>\n<meta property=\"og:description\" content=\"La Cr\u00e8te n\u2019a pas que ses plages \u00e0 offrir aux voyageurs. Son relief escarp\u00e9 rec\u00e8le de charmants villages de montagne comme Anogia, o\u00f9 la douceur de vivre s\u2019\u00e9tale en terrasse, \u00e0 l\u2019ombre des m\u00fbriers.\" \/>\n<meta property=\"og:url\" content=\"https:\/\/www.voyages-d-affaires.com\/wp-content\/uploads\/2016\/07\/crete_218.jpg\" \/>\n<meta property=\"og:site_name\" content=\"Voyages d&#039;affaires\" \/>\n<meta property=\"article:modified_time\" content=\"2016-07-06T11:56:57+00:00\" \/>\n<meta property=\"og:image\" content=\"https:\/\/www.voyages-d-affaires.com\/wp-content\/uploads\/2016\/07\/crete_218.jpg\" \/>\n\t<meta property=\"og:image:width\" content=\"700\" \/>\n\t<meta property=\"og:image:height\" content=\"467\" \/>\n\t<meta property=\"og:image:type\" content=\"image\/jpeg\" \/>\n<meta name=\"twitter:card\" content=\"summary_large_image\" \/>\n<script type=\"application\/ld+json\" class=\"yoast-schema-graph\">{\"@context\":\"https:\/\/schema.org\",\"@graph\":[{\"@type\":\"WebPage\",\"@id\":\"https:\/\/www.voyages-d-affaires.com\/wp-content\/uploads\/2016\/07\/crete_218.jpg\",\"url\":\"https:\/\/www.voyages-d-affaires.com\/wp-content\/uploads\/2016\/07\/crete_218.jpg\",\"name\":\"La Cr\u00e8te, village de Anogia\",\"isPartOf\":{\"@id\":\"https:\/\/www.voyages-d-affaires.com\/#website\"},\"datePublished\":\"2016-07-05T09:17:00+00:00\",\"dateModified\":\"2016-07-06T11:56:57+00:00\",\"breadcrumb\":{\"@id\":\"https:\/\/www.voyages-d-affaires.com\/wp-content\/uploads\/2016\/07\/crete_218.jpg#breadcrumb\"},\"inLanguage\":\"en-GB\",\"potentialAction\":[{\"@type\":\"ReadAction\",\"target\":[\"https:\/\/www.voyages-d-affaires.com\/wp-content\/uploads\/2016\/07\/crete_218.jpg\"]}]},{\"@type\":\"BreadcrumbList\",\"@id\":\"https:\/\/www.voyages-d-affaires.com\/wp-content\/uploads\/2016\/07\/crete_218.jpg#breadcrumb\",\"itemListElement\":[{\"@type\":\"ListItem\",\"position\":1,\"name\":\"Accueil\",\"item\":\"https:\/\/www.voyages-d-affaires.com\/\"},{\"@type\":\"ListItem\",\"position\":2,\"name\":\"La Cr\u00e8te, village de Anogia\"}]},{\"@type\":\"WebSite\",\"@id\":\"https:\/\/www.voyages-d-affaires.com\/#website\",\"url\":\"https:\/\/www.voyages-d-affaires.com\/\",\"name\":\"Voyages d&#039;affaires\",\"description\":\"media fran\u00e7ais du Voyage d&#039;Affaires &amp; du MICE\",\"potentialAction\":[{\"@type\":\"SearchAction\",\"target\":{\"@type\":\"EntryPoint\",\"urlTemplate\":\"https:\/\/www.voyages-d-affaires.com\/?s={search_term_string}\"},\"query-input\":{\"@type\":\"PropertyValueSpecification\",\"valueRequired\":true,\"valueName\":\"search_term_string\"}}],\"inLanguage\":\"en-GB\"}]}<\/script>\n<!-- \/ Yoast SEO Premium plugin. -->","yoast_head_json":{"title":"Crete, village of Anogia","robots":{"index":"index","follow":"follow","max-snippet":"max-snippet:-1","max-image-preview":"max-image-preview:large","max-video-preview":"max-video-preview:-1"},"canonical":"https:\/\/www.voyages-d-affaires.com\/wp-content\/uploads\/2016\/07\/crete_218.jpg","og_locale":"en_GB","og_type":"article","og_title":"La Cr\u00e8te, village de Anogia","og_description":"La Cr\u00e8te n\u2019a pas que ses plages \u00e0 offrir aux voyageurs. Son relief escarp\u00e9 rec\u00e8le de charmants villages de montagne comme Anogia, o\u00f9 la douceur de vivre s\u2019\u00e9tale en terrasse, \u00e0 l\u2019ombre des m\u00fbriers.","og_url":"https:\/\/www.voyages-d-affaires.com\/wp-content\/uploads\/2016\/07\/crete_218.jpg","og_site_name":"Voyages d&#039;affaires","article_modified_time":"2016-07-06T11:56:57+00:00","og_image":[{"width":700,"height":467,"url":"https:\/\/www.voyages-d-affaires.com\/wp-content\/uploads\/2016\/07\/crete_218.jpg","type":"image\/jpeg"}],"twitter_card":"summary_large_image","schema":{"@context":"https:\/\/schema.org","@graph":[{"@type":"WebPage","@id":"https:\/\/www.voyages-d-affaires.com\/wp-content\/uploads\/2016\/07\/crete_218.jpg","url":"https:\/\/www.voyages-d-affaires.com\/wp-content\/uploads\/2016\/07\/crete_218.jpg","name":"Crete, village of Anogia","isPartOf":{"@id":"https:\/\/www.voyages-d-affaires.com\/#website"},"datePublished":"2016-07-05T09:17:00+00:00","dateModified":"2016-07-06T11:56:57+00:00","breadcrumb":{"@id":"https:\/\/www.voyages-d-affaires.com\/wp-content\/uploads\/2016\/07\/crete_218.jpg#breadcrumb"},"inLanguage":"en-GB","potentialAction":[{"@type":"ReadAction","target":["https:\/\/www.voyages-d-affaires.com\/wp-content\/uploads\/2016\/07\/crete_218.jpg"]}]},{"@type":"BreadcrumbList","@id":"https:\/\/www.voyages-d-affaires.com\/wp-content\/uploads\/2016\/07\/crete_218.jpg#breadcrumb","itemListElement":[{"@type":"ListItem","position":1,"name":"Accueil","item":"https:\/\/www.voyages-d-affaires.com\/"},{"@type":"ListItem","position":2,"name":"La Cr\u00e8te, village de Anogia"}]},{"@type":"WebSite","@id":"https:\/\/www.voyages-d-affaires.com\/#website","url":"https:\/\/www.voyages-d-affaires.com\/","name":"Business travel","description":"THE FRENCH BUSINESS TRAVEL &amp; MICE MEDIA","potentialAction":[{"@type":"SearchAction","target":{"@type":"EntryPoint","urlTemplate":"https:\/\/www.voyages-d-affaires.com\/?s={search_term_string}"},"query-input":{"@type":"PropertyValueSpecification","valueRequired":true,"valueName":"search_term_string"}}],"inLanguage":"en-GB"}]}},"description":{"rendered":"<p class=\"attachment\"><a href='https:\/\/www.voyages-d-affaires.com\/wp-content\/uploads\/2016\/07\/crete_218.jpg'><img loading=\"lazy\" decoding=\"async\" width=\"300\" height=\"200\" src=\"https:\/\/www.voyages-d-affaires.com\/wp-content\/uploads\/2016\/07\/crete_218-300x200-derived.jpg\" class=\"attachment-medium size-medium\" alt=\"La Cr\u00e8te, village de Anogia\" srcset=\"https:\/\/www.voyages-d-affaires.com\/wp-content\/uploads\/2016\/07\/crete_218-300x200-derived.jpg 300w, https:\/\/www.voyages-d-affaires.com\/wp-content\/uploads\/2016\/07\/crete_218.jpg 700w\" sizes=\"auto, (max-width: 300px) 100vw, 300px\" \/><\/a><\/p>\n<p>La Cr\u00e8te n\u2019a<br \/>\npas que ses plages \u00e0<br \/>\noffrir aux voyageurs.<br \/>\nSon relief escarp\u00e9<br \/>\nrec\u00e8le de charmants<br \/>\nvillages de montagne<br \/>\ncomme Anogia, o\u00f9<br \/>\nla douceur de vivre<br \/>\ns\u2019\u00e9tale en terrasse,<br \/>\n\u00e0 l\u2019ombre des<br \/>\nm\u00fbriers.<\/p>\n"},"caption":{"rendered":"<p>La Cr\u00e8te n\u2019a<br \/>\npas que ses plages \u00e0<br \/>\noffrir aux voyageurs.<br \/>\nSon relief escarp\u00e9<br \/>\nrec\u00e8le de charmants<br \/>\nvillages de montagne<br \/>\ncomme Anogia, o\u00f9<br \/>\nla douceur de vivre<br \/>\ns\u2019\u00e9tale en terrasse,<br \/>\n\u00e0 l\u2019ombre des<br \/>\nm\u00fbriers.<\/p>\n"},"alt_text":"La Cr\u00e8te, village de Anogia","media_type":"image","mime_type":"image\/jpeg","media_details":{"width":700,"height":467,"file":"2016\/07\/crete_218.jpg","sizes":{"thumbnail":{"file":"crete_218-150x150-derived.jpg","width":150,"height":150,"mime_type":"image\/jpeg","source_url":"https:\/\/www.voyages-d-affaires.com\/wp-content\/uploads\/2016\/07\/crete_218-150x150-derived.jpg"},"medium":{"file":"crete_218-300x200-derived.jpg","width":300,"height":200,"mime_type":"image\/jpeg","source_url":"https:\/\/www.voyages-d-affaires.com\/wp-content\/uploads\/2016\/07\/crete_218-300x200-derived.jpg"},"td_80x60":{"file":"crete_218-80x60-derived.jpg","width":80,"height":60,"mime_type":"image\/jpeg","source_url":"https:\/\/www.voyages-d-affaires.com\/wp-content\/uploads\/2016\/07\/crete_218-80x60-derived.jpg"},"td_100x70":{"file":"crete_218-100x70-derived.jpg","width":100,"height":70,"mime_type":"image\/jpeg","source_url":"https:\/\/www.voyages-d-affaires.com\/wp-content\/uploads\/2016\/07\/crete_218-100x70-derived.jpg"},"td_218x150":{"file":"crete_218-218x150-derived.jpg","width":218,"height":150,"mime_type":"image\/jpeg","source_url":"https:\/\/www.voyages-d-affaires.com\/wp-content\/uploads\/2016\/07\/crete_218-218x150-derived.jpg"},"td_265x198":{"file":"crete_218-265x198-derived.jpg","width":265,"height":198,"mime_type":"image\/jpeg","source_url":"https:\/\/www.voyages-d-affaires.com\/wp-content\/uploads\/2016\/07\/crete_218-265x198-derived.jpg"},"td_324x160":{"file":"crete_218-324x160-derived.jpg","width":324,"height":160,"mime_type":"image\/jpeg","source_url":"https:\/\/www.voyages-d-affaires.com\/wp-content\/uploads\/2016\/07\/crete_218-324x160-derived.jpg"},"td_324x235":{"file":"crete_218-324x235-derived.jpg","width":324,"height":235,"mime_type":"image\/jpeg","source_url":"https:\/\/www.voyages-d-affaires.com\/wp-content\/uploads\/2016\/07\/crete_218-324x235-derived.jpg"},"td_534x462":{"file":"crete_218-534x462-derived.jpg","width":534,"height":462,"mime_type":"image\/jpeg","source_url":"https:\/\/www.voyages-d-affaires.com\/wp-content\/uploads\/2016\/07\/crete_218-534x462-derived.jpg"},"full":{"file":"crete_218.jpg","width":700,"height":467,"mime_type":"image\/jpeg","source_url":"https:\/\/www.voyages-d-affaires.com\/wp-content\/uploads\/2016\/07\/crete_218.jpg"}},"image_meta":{"aperture":"0","credit":"","camera":"","caption":"","created_timestamp":"0","copyright":"","focal_length":"0","iso":"0","shutter_speed":"0","title":"","orientation":"0","keywords":[]}},"post":null,"source_url":"https:\/\/www.voyages-d-affaires.com\/wp-content\/uploads\/2016\/07\/crete_218.jpg","_links":{"self":[{"href":"https:\/\/www.voyages-d-affaires.com\/en\/wp-json\/wp\/v2\/media\/49951","targetHints":{"allow":["GET"]}}],"collection":[{"href":"https:\/\/www.voyages-d-affaires.com\/en\/wp-json\/wp\/v2\/media"}],"about":[{"href":"https:\/\/www.voyages-d-affaires.com\/en\/wp-json\/wp\/v2\/types\/attachment"}],"author":[{"embeddable":true,"href":"https:\/\/www.voyages-d-affaires.com\/en\/wp-json\/wp\/v2\/users\/1"}],"replies":[{"embeddable":true,"href":"https:\/\/www.voyages-d-affaires.com\/en\/wp-json\/wp\/v2\/comments?post=49951"}]}}

<!-- This site is optimized with the Yoast SEO Premium plugin v25.9 (Yoast SEO v25.9) - https://yoast.com/wordpress/plugins/seo/ -->
<title>La Crète, village de Anogia</title>
<meta name="robots" content="index, follow, max-snippet:-1, max-image-preview:large, max-video-preview:-1" />
<link rel="canonical" href="https://www.voyages-d-affaires.com/wp-content/uploads/2016/07/crete_218.jpg" />
<meta property="og:locale" content="en_GB" />
<meta property="og:type" content="article" />
<meta property="og:title" content="La Crète, village de Anogia" />
<meta property="og:description" content="La Crète n’a pas que ses plages à offrir aux voyageurs. Son relief escarpé recèle de charmants villages de montagne comme Anogia, où la douceur de vivre s’étale en terrasse, à l’ombre des mûriers." />
<meta property="og:url" content="https://www.voyages-d-affaires.com/wp-content/uploads/2016/07/crete_218.jpg" />
<meta property="og:site_name" content="Voyages d&#039;affaires" />
<meta property="article:modified_time" content="2016-07-06T11:56:57+00:00" />
<meta property="og:image" content="https://www.voyages-d-affaires.com/wp-content/uploads/2016/07/crete_218.jpg" />
	<meta property="og:image:width" content="700" />
	<meta property="og:image:height" content="467" />
	<meta property="og:image:type" content="image/jpeg" />
<meta name="twitter:card" content="summary_large_image" />
<script type="application/ld+json" class="yoast-schema-graph">{"@context":"https://schema.org","@graph":[{"@type":"WebPage","@id":"https://www.voyages-d-affaires.com/wp-content/uploads/2016/07/crete_218.jpg","url":"https://www.voyages-d-affaires.com/wp-content/uploads/2016/07/crete_218.jpg","name":"La Crète, village de Anogia","isPartOf":{"@id":"https://www.voyages-d-affaires.com/#website"},"datePublished":"2016-07-05T09:17:00+00:00","dateModified":"2016-07-06T11:56:57+00:00","breadcrumb":{"@id":"https://www.voyages-d-affaires.com/wp-content/uploads/2016/07/crete_218.jpg#breadcrumb"},"inLanguage":"en-GB","potentialAction":[{"@type":"ReadAction","target":["https://www.voyages-d-affaires.com/wp-content/uploads/2016/07/crete_218.jpg"]}]},{"@type":"BreadcrumbList","@id":"https://www.voyages-d-affaires.com/wp-content/uploads/2016/07/crete_218.jpg#breadcrumb","itemListElement":[{"@type":"ListItem","position":1,"name":"Accueil","item":"https://www.voyages-d-affaires.com/"},{"@type":"ListItem","position":2,"name":"La Crète, village de Anogia"}]},{"@type":"WebSite","@id":"https://www.voyages-d-affaires.com/#website","url":"https://www.voyages-d-affaires.com/","name":"Voyages d&#039;affaires","description":"media français du Voyage d&#039;Affaires &amp; du MICE","potentialAction":[{"@type":"SearchAction","target":{"@type":"EntryPoint","urlTemplate":"https://www.voyages-d-affaires.com/?s={search_term_string}"},"query-input":{"@type":"PropertyValueSpecification","valueRequired":true,"valueName":"search_term_string"}}],"inLanguage":"en-GB"}]}</script>
<!-- / Yoast SEO Premium plugin. -->

La Crète, village de Anogia

La Crète n’a pas que ses plages à offrir aux voyageurs. Son relief escarpé recèle de charmants villages de montagne comme Anogia, où la douceur de vivre s’étale en terrasse, à l’ombre des mûriers.

<p class="attachment"><a href='https://www.voyages-d-affaires.com/wp-content/uploads/2016/07/crete_218.jpg'><img loading="lazy" decoding="async" width="300" height="200" src="https://www.voyages-d-affaires.com/wp-content/uploads/2016/07/crete_218-300x200-derived.jpg" class="attachment-medium size-medium" alt="La Crète, village de Anogia" srcset="https://www.voyages-d-affaires.com/wp-content/uploads/2016/07/crete_218-300x200-derived.jpg 300w, https://www.voyages-d-affaires.com/wp-content/uploads/2016/07/crete_218.jpg 700w" sizes="auto, (max-width: 300px) 100vw, 300px" /></a></p>
<p>La Crète n’a<br />
pas que ses plages à<br />
offrir aux voyageurs.<br />
Son relief escarpé<br />
recèle de charmants<br />
villages de montagne<br />
comme Anogia, où<br />
la douceur de vivre<br />
s’étale en terrasse,<br />
à l’ombre des<br />
mûriers.</p>

<p>La Crète n’a<br />
pas que ses plages à<br />
offrir aux voyageurs.<br />
Son relief escarpé<br />
recèle de charmants<br />
villages de montagne<br />
comme Anogia, où<br />
la douceur de vivre<br />
s’étale en terrasse,<br />
à l’ombre des<br />
mûriers.</p>
