{"id":49973,"date":"2016-07-05T11:20:07","date_gmt":"2016-07-05T09:20:07","guid":{"rendered":"https:\/\/www.voyages-d-affaires.com\/wp-content\/uploads\/2016\/07\/crete_487.jpg"},"modified":"2016-07-07T09:25:05","modified_gmt":"2016-07-07T07:25:05","slug":"la-crete-chapel-in-fodele","status":"inherit","type":"attachment","link":"https:\/\/www.voyages-d-affaires.com\/en\/la-crete-chapel-in-fodele","title":{"rendered":"Crete, chapel at Fodele"},"author":1,"featured_media":0,"comment_status":"closed","ping_status":"closed","template":"","meta":{"_acf_changed":false},"class_list":["post-49973","attachment","type-attachment","status-inherit","hentry"],"acf":[],"yoast_head":"<!-- This site is optimized with the Yoast SEO Premium plugin v25.9 (Yoast SEO v25.9) - https:\/\/yoast.com\/wordpress\/plugins\/seo\/ -->\n<title>La Cr\u00e8te, chapelle \u00e0 Fodele<\/title>\n<meta name=\"robots\" content=\"index, follow, max-snippet:-1, max-image-preview:large, max-video-preview:-1\" \/>\n<link rel=\"canonical\" href=\"https:\/\/www.voyages-d-affaires.com\/wp-content\/uploads\/2016\/07\/crete_487.jpg\" \/>\n<meta property=\"og:locale\" content=\"en_GB\" \/>\n<meta property=\"og:type\" content=\"article\" \/>\n<meta property=\"og:title\" content=\"La Cr\u00e8te, chapelle \u00e0 Fodele\" \/>\n<meta property=\"og:description\" content=\"Entour\u00e9e d\u2019orangers, une \u00e9glise byzantine du XIIIe si\u00e8cle domine le village de Fodele. \u00c0 quelques pas de l\u00e0, la maison natale du Greco rappelle que le peintre, avant de d\u00e9velopper son mani\u00e9risme si particulier, fut d\u2019abord form\u00e9 \u00e0 l\u2019\u00e9cole cr\u00e9toise de l\u2019ic\u00f4ne.\" \/>\n<meta property=\"og:url\" content=\"https:\/\/www.voyages-d-affaires.com\/wp-content\/uploads\/2016\/07\/crete_487.jpg\" \/>\n<meta property=\"og:site_name\" content=\"Voyages d&#039;affaires\" \/>\n<meta property=\"article:modified_time\" content=\"2016-07-07T07:25:05+00:00\" \/>\n<meta property=\"og:image\" content=\"https:\/\/www.voyages-d-affaires.com\/wp-content\/uploads\/2016\/07\/crete_487.jpg\" \/>\n\t<meta property=\"og:image:width\" content=\"700\" \/>\n\t<meta property=\"og:image:height\" content=\"467\" \/>\n\t<meta property=\"og:image:type\" content=\"image\/jpeg\" \/>\n<meta name=\"twitter:card\" content=\"summary_large_image\" \/>\n<script type=\"application\/ld+json\" class=\"yoast-schema-graph\">{\"@context\":\"https:\/\/schema.org\",\"@graph\":[{\"@type\":\"WebPage\",\"@id\":\"https:\/\/www.voyages-d-affaires.com\/wp-content\/uploads\/2016\/07\/crete_487.jpg\",\"url\":\"https:\/\/www.voyages-d-affaires.com\/wp-content\/uploads\/2016\/07\/crete_487.jpg\",\"name\":\"La Cr\u00e8te, chapelle \u00e0 Fodele\",\"isPartOf\":{\"@id\":\"https:\/\/www.voyages-d-affaires.com\/#website\"},\"datePublished\":\"2016-07-05T09:20:07+00:00\",\"dateModified\":\"2016-07-07T07:25:05+00:00\",\"breadcrumb\":{\"@id\":\"https:\/\/www.voyages-d-affaires.com\/wp-content\/uploads\/2016\/07\/crete_487.jpg#breadcrumb\"},\"inLanguage\":\"en-GB\",\"potentialAction\":[{\"@type\":\"ReadAction\",\"target\":[\"https:\/\/www.voyages-d-affaires.com\/wp-content\/uploads\/2016\/07\/crete_487.jpg\"]}]},{\"@type\":\"BreadcrumbList\",\"@id\":\"https:\/\/www.voyages-d-affaires.com\/wp-content\/uploads\/2016\/07\/crete_487.jpg#breadcrumb\",\"itemListElement\":[{\"@type\":\"ListItem\",\"position\":1,\"name\":\"Accueil\",\"item\":\"https:\/\/www.voyages-d-affaires.com\/\"},{\"@type\":\"ListItem\",\"position\":2,\"name\":\"La Cr\u00e8te, chapelle \u00e0 Fodele\"}]},{\"@type\":\"WebSite\",\"@id\":\"https:\/\/www.voyages-d-affaires.com\/#website\",\"url\":\"https:\/\/www.voyages-d-affaires.com\/\",\"name\":\"Voyages d&#039;affaires\",\"description\":\"media fran\u00e7ais du Voyage d&#039;Affaires &amp; du MICE\",\"potentialAction\":[{\"@type\":\"SearchAction\",\"target\":{\"@type\":\"EntryPoint\",\"urlTemplate\":\"https:\/\/www.voyages-d-affaires.com\/?s={search_term_string}\"},\"query-input\":{\"@type\":\"PropertyValueSpecification\",\"valueRequired\":true,\"valueName\":\"search_term_string\"}}],\"inLanguage\":\"en-GB\"}]}<\/script>\n<!-- \/ Yoast SEO Premium plugin. -->","yoast_head_json":{"title":"Crete, chapel at Fodele","robots":{"index":"index","follow":"follow","max-snippet":"max-snippet:-1","max-image-preview":"max-image-preview:large","max-video-preview":"max-video-preview:-1"},"canonical":"https:\/\/www.voyages-d-affaires.com\/wp-content\/uploads\/2016\/07\/crete_487.jpg","og_locale":"en_GB","og_type":"article","og_title":"La Cr\u00e8te, chapelle \u00e0 Fodele","og_description":"Entour\u00e9e d\u2019orangers, une \u00e9glise byzantine du XIIIe si\u00e8cle domine le village de Fodele. \u00c0 quelques pas de l\u00e0, la maison natale du Greco rappelle que le peintre, avant de d\u00e9velopper son mani\u00e9risme si particulier, fut d\u2019abord form\u00e9 \u00e0 l\u2019\u00e9cole cr\u00e9toise de l\u2019ic\u00f4ne.","og_url":"https:\/\/www.voyages-d-affaires.com\/wp-content\/uploads\/2016\/07\/crete_487.jpg","og_site_name":"Voyages d&#039;affaires","article_modified_time":"2016-07-07T07:25:05+00:00","og_image":[{"width":700,"height":467,"url":"https:\/\/www.voyages-d-affaires.com\/wp-content\/uploads\/2016\/07\/crete_487.jpg","type":"image\/jpeg"}],"twitter_card":"summary_large_image","schema":{"@context":"https:\/\/schema.org","@graph":[{"@type":"WebPage","@id":"https:\/\/www.voyages-d-affaires.com\/wp-content\/uploads\/2016\/07\/crete_487.jpg","url":"https:\/\/www.voyages-d-affaires.com\/wp-content\/uploads\/2016\/07\/crete_487.jpg","name":"Crete, chapel at Fodele","isPartOf":{"@id":"https:\/\/www.voyages-d-affaires.com\/#website"},"datePublished":"2016-07-05T09:20:07+00:00","dateModified":"2016-07-07T07:25:05+00:00","breadcrumb":{"@id":"https:\/\/www.voyages-d-affaires.com\/wp-content\/uploads\/2016\/07\/crete_487.jpg#breadcrumb"},"inLanguage":"en-GB","potentialAction":[{"@type":"ReadAction","target":["https:\/\/www.voyages-d-affaires.com\/wp-content\/uploads\/2016\/07\/crete_487.jpg"]}]},{"@type":"BreadcrumbList","@id":"https:\/\/www.voyages-d-affaires.com\/wp-content\/uploads\/2016\/07\/crete_487.jpg#breadcrumb","itemListElement":[{"@type":"ListItem","position":1,"name":"Accueil","item":"https:\/\/www.voyages-d-affaires.com\/"},{"@type":"ListItem","position":2,"name":"La Cr\u00e8te, chapelle \u00e0 Fodele"}]},{"@type":"WebSite","@id":"https:\/\/www.voyages-d-affaires.com\/#website","url":"https:\/\/www.voyages-d-affaires.com\/","name":"Business travel","description":"THE FRENCH BUSINESS TRAVEL &amp; MICE MEDIA","potentialAction":[{"@type":"SearchAction","target":{"@type":"EntryPoint","urlTemplate":"https:\/\/www.voyages-d-affaires.com\/?s={search_term_string}"},"query-input":{"@type":"PropertyValueSpecification","valueRequired":true,"valueName":"search_term_string"}}],"inLanguage":"en-GB"}]}},"description":{"rendered":"<p class=\"attachment\"><a href='https:\/\/www.voyages-d-affaires.com\/wp-content\/uploads\/2016\/07\/crete_487.jpg'><img loading=\"lazy\" decoding=\"async\" width=\"300\" height=\"200\" src=\"https:\/\/www.voyages-d-affaires.com\/wp-content\/uploads\/2016\/07\/crete_487-300x200-derived.jpg\" class=\"attachment-medium size-medium\" alt=\"La Cr\u00e8te, chapelle \u00e0 Fodele\" srcset=\"https:\/\/www.voyages-d-affaires.com\/wp-content\/uploads\/2016\/07\/crete_487-300x200-derived.jpg 300w, https:\/\/www.voyages-d-affaires.com\/wp-content\/uploads\/2016\/07\/crete_487.jpg 700w\" sizes=\"auto, (max-width: 300px) 100vw, 300px\" \/><\/a><\/p>\n<p>Entour\u00e9e<br \/>\nd\u2019orangers, une<br \/>\n\u00e9glise byzantine du<br \/>\nXIIIe si\u00e8cle domine<br \/>\nle village de Fodele.<br \/>\n\u00c0 quelques pas de l\u00e0,<br \/>\nla maison natale du<br \/>\nGreco rappelle que<br \/>\nle peintre, avant de<br \/>\nd\u00e9velopper son mani\u00e9risme<br \/>\nsi particulier,<br \/>\nfut d\u2019abord form\u00e9 \u00e0<br \/>\nl\u2019\u00e9cole cr\u00e9toise de<br \/>\nl\u2019ic\u00f4ne.<\/p>\n"},"caption":{"rendered":"<p>Entour\u00e9e<br \/>\nd\u2019orangers, une<br \/>\n\u00e9glise byzantine du<br \/>\nXIIIe si\u00e8cle domine<br \/>\nle village de Fodele.<br \/>\n\u00c0 quelques pas de l\u00e0,<br \/>\nla maison natale du<br \/>\nGreco rappelle que<br \/>\nle peintre, avant de<br \/>\nd\u00e9velopper son mani\u00e9risme<br \/>\nsi particulier,<br \/>\nfut d\u2019abord form\u00e9 \u00e0<br \/>\nl\u2019\u00e9cole cr\u00e9toise de<br \/>\nl\u2019ic\u00f4ne.<\/p>\n"},"alt_text":"La Cr\u00e8te, chapelle \u00e0 Fodele","media_type":"image","mime_type":"image\/jpeg","media_details":{"width":700,"height":467,"file":"2016\/07\/crete_487.jpg","sizes":{"thumbnail":{"file":"crete_487-150x150-derived.jpg","width":150,"height":150,"mime_type":"image\/jpeg","source_url":"https:\/\/www.voyages-d-affaires.com\/wp-content\/uploads\/2016\/07\/crete_487-150x150-derived.jpg"},"medium":{"file":"crete_487-300x200-derived.jpg","width":300,"height":200,"mime_type":"image\/jpeg","source_url":"https:\/\/www.voyages-d-affaires.com\/wp-content\/uploads\/2016\/07\/crete_487-300x200-derived.jpg"},"td_80x60":{"file":"crete_487-80x60-derived.jpg","width":80,"height":60,"mime_type":"image\/jpeg","source_url":"https:\/\/www.voyages-d-affaires.com\/wp-content\/uploads\/2016\/07\/crete_487-80x60-derived.jpg"},"td_100x70":{"file":"crete_487-100x70-derived.jpg","width":100,"height":70,"mime_type":"image\/jpeg","source_url":"https:\/\/www.voyages-d-affaires.com\/wp-content\/uploads\/2016\/07\/crete_487-100x70-derived.jpg"},"td_218x150":{"file":"crete_487-218x150-derived.jpg","width":218,"height":150,"mime_type":"image\/jpeg","source_url":"https:\/\/www.voyages-d-affaires.com\/wp-content\/uploads\/2016\/07\/crete_487-218x150-derived.jpg"},"td_265x198":{"file":"crete_487-265x198-derived.jpg","width":265,"height":198,"mime_type":"image\/jpeg","source_url":"https:\/\/www.voyages-d-affaires.com\/wp-content\/uploads\/2016\/07\/crete_487-265x198-derived.jpg"},"td_324x160":{"file":"crete_487-324x160-derived.jpg","width":324,"height":160,"mime_type":"image\/jpeg","source_url":"https:\/\/www.voyages-d-affaires.com\/wp-content\/uploads\/2016\/07\/crete_487-324x160-derived.jpg"},"td_324x235":{"file":"crete_487-324x235-derived.jpg","width":324,"height":235,"mime_type":"image\/jpeg","source_url":"https:\/\/www.voyages-d-affaires.com\/wp-content\/uploads\/2016\/07\/crete_487-324x235-derived.jpg"},"td_534x462":{"file":"crete_487-534x462-derived.jpg","width":534,"height":462,"mime_type":"image\/jpeg","source_url":"https:\/\/www.voyages-d-affaires.com\/wp-content\/uploads\/2016\/07\/crete_487-534x462-derived.jpg"},"full":{"file":"crete_487.jpg","width":700,"height":467,"mime_type":"image\/jpeg","source_url":"https:\/\/www.voyages-d-affaires.com\/wp-content\/uploads\/2016\/07\/crete_487.jpg"}},"image_meta":{"aperture":"0","credit":"","camera":"","caption":"","created_timestamp":"0","copyright":"","focal_length":"0","iso":"0","shutter_speed":"0","title":"","orientation":"0","keywords":[]}},"post":null,"source_url":"https:\/\/www.voyages-d-affaires.com\/wp-content\/uploads\/2016\/07\/crete_487.jpg","_links":{"self":[{"href":"https:\/\/www.voyages-d-affaires.com\/en\/wp-json\/wp\/v2\/media\/49973","targetHints":{"allow":["GET"]}}],"collection":[{"href":"https:\/\/www.voyages-d-affaires.com\/en\/wp-json\/wp\/v2\/media"}],"about":[{"href":"https:\/\/www.voyages-d-affaires.com\/en\/wp-json\/wp\/v2\/types\/attachment"}],"author":[{"embeddable":true,"href":"https:\/\/www.voyages-d-affaires.com\/en\/wp-json\/wp\/v2\/users\/1"}],"replies":[{"embeddable":true,"href":"https:\/\/www.voyages-d-affaires.com\/en\/wp-json\/wp\/v2\/comments?post=49973"}]}}

<!-- This site is optimized with the Yoast SEO Premium plugin v25.9 (Yoast SEO v25.9) - https://yoast.com/wordpress/plugins/seo/ -->
<title>La Crète, chapelle à Fodele</title>
<meta name="robots" content="index, follow, max-snippet:-1, max-image-preview:large, max-video-preview:-1" />
<link rel="canonical" href="https://www.voyages-d-affaires.com/wp-content/uploads/2016/07/crete_487.jpg" />
<meta property="og:locale" content="en_GB" />
<meta property="og:type" content="article" />
<meta property="og:title" content="La Crète, chapelle à Fodele" />
<meta property="og:description" content="Entourée d’orangers, une église byzantine du XIIIe siècle domine le village de Fodele. À quelques pas de là, la maison natale du Greco rappelle que le peintre, avant de développer son maniérisme si particulier, fut d’abord formé à l’école crétoise de l’icône." />
<meta property="og:url" content="https://www.voyages-d-affaires.com/wp-content/uploads/2016/07/crete_487.jpg" />
<meta property="og:site_name" content="Voyages d&#039;affaires" />
<meta property="article:modified_time" content="2016-07-07T07:25:05+00:00" />
<meta property="og:image" content="https://www.voyages-d-affaires.com/wp-content/uploads/2016/07/crete_487.jpg" />
	<meta property="og:image:width" content="700" />
	<meta property="og:image:height" content="467" />
	<meta property="og:image:type" content="image/jpeg" />
<meta name="twitter:card" content="summary_large_image" />
<script type="application/ld+json" class="yoast-schema-graph">{"@context":"https://schema.org","@graph":[{"@type":"WebPage","@id":"https://www.voyages-d-affaires.com/wp-content/uploads/2016/07/crete_487.jpg","url":"https://www.voyages-d-affaires.com/wp-content/uploads/2016/07/crete_487.jpg","name":"La Crète, chapelle à Fodele","isPartOf":{"@id":"https://www.voyages-d-affaires.com/#website"},"datePublished":"2016-07-05T09:20:07+00:00","dateModified":"2016-07-07T07:25:05+00:00","breadcrumb":{"@id":"https://www.voyages-d-affaires.com/wp-content/uploads/2016/07/crete_487.jpg#breadcrumb"},"inLanguage":"en-GB","potentialAction":[{"@type":"ReadAction","target":["https://www.voyages-d-affaires.com/wp-content/uploads/2016/07/crete_487.jpg"]}]},{"@type":"BreadcrumbList","@id":"https://www.voyages-d-affaires.com/wp-content/uploads/2016/07/crete_487.jpg#breadcrumb","itemListElement":[{"@type":"ListItem","position":1,"name":"Accueil","item":"https://www.voyages-d-affaires.com/"},{"@type":"ListItem","position":2,"name":"La Crète, chapelle à Fodele"}]},{"@type":"WebSite","@id":"https://www.voyages-d-affaires.com/#website","url":"https://www.voyages-d-affaires.com/","name":"Voyages d&#039;affaires","description":"media français du Voyage d&#039;Affaires &amp; du MICE","potentialAction":[{"@type":"SearchAction","target":{"@type":"EntryPoint","urlTemplate":"https://www.voyages-d-affaires.com/?s={search_term_string}"},"query-input":{"@type":"PropertyValueSpecification","valueRequired":true,"valueName":"search_term_string"}}],"inLanguage":"en-GB"}]}</script>
<!-- / Yoast SEO Premium plugin. -->

La Crète, chapelle à Fodele

Entourée d’orangers, une église byzantine du XIIIe siècle domine le village de Fodele. À quelques pas de là, la maison natale du Greco rappelle que le peintre, avant de développer son maniérisme si particulier, fut d’abord formé à l’école crétoise de l’icône.

<p class="attachment"><a href='https://www.voyages-d-affaires.com/wp-content/uploads/2016/07/crete_487.jpg'><img loading="lazy" decoding="async" width="300" height="200" src="https://www.voyages-d-affaires.com/wp-content/uploads/2016/07/crete_487-300x200-derived.jpg" class="attachment-medium size-medium" alt="La Crète, chapelle à Fodele" srcset="https://www.voyages-d-affaires.com/wp-content/uploads/2016/07/crete_487-300x200-derived.jpg 300w, https://www.voyages-d-affaires.com/wp-content/uploads/2016/07/crete_487.jpg 700w" sizes="auto, (max-width: 300px) 100vw, 300px" /></a></p>
<p>Entourée<br />
d’orangers, une<br />
église byzantine du<br />
XIIIe siècle domine<br />
le village de Fodele.<br />
À quelques pas de là,<br />
la maison natale du<br />
Greco rappelle que<br />
le peintre, avant de<br />
développer son maniérisme<br />
si particulier,<br />
fut d’abord formé à<br />
l’école crétoise de<br />
l’icône.</p>

<p>Entourée<br />
d’orangers, une<br />
église byzantine du<br />
XIIIe siècle domine<br />
le village de Fodele.<br />
À quelques pas de là,<br />
la maison natale du<br />
Greco rappelle que<br />
le peintre, avant de<br />
développer son maniérisme<br />
si particulier,<br />
fut d’abord formé à<br />
l’école crétoise de<br />
l’icône.</p>
